Last updated on 2025-10-31 06:50:49 CET.
| Flavor | Version | Tinstall | Tcheck | Ttotal | Status | Flags | 
|---|---|---|---|---|---|---|
| r-devel-linux-x86_64-debian-clang | 2.0.2 | 2.69 | 31.54 | 34.23 | NOTE | |
| r-devel-linux-x86_64-debian-gcc | 2.0.2 | 2.67 | 24.30 | 26.97 | NOTE | |
| r-devel-linux-x86_64-fedora-clang | 2.0.2 | 12.00 | 44.76 | 56.76 | OK | |
| r-devel-linux-x86_64-fedora-gcc | 2.0.2 | 65.75 | OK | |||
| r-devel-windows-x86_64 | 2.0.2 | 4.00 | 51.00 | 55.00 | OK | |
| r-patched-linux-x86_64 | 2.0.2 | 3.37 | 30.06 | 33.43 | OK | |
| r-release-linux-x86_64 | 2.0.2 | 3.19 | 30.03 | 33.22 | OK | |
| r-release-macos-arm64 | 2.0.2 | 2.00 | 23.00 | 25.00 | OK | |
| r-release-macos-x86_64 | 2.0.2 | 3.00 | 41.00 | 44.00 | OK | |
| r-release-windows-x86_64 | 2.0.2 | 4.00 | 53.00 | 57.00 | OK | |
| r-oldrel-macos-arm64 | 2.0.2 | 1.00 | 22.00 | 23.00 | OK | |
| r-oldrel-macos-x86_64 | 2.0.2 | 2.00 | 33.00 | 35.00 | OK | |
| r-oldrel-windows-x86_64 | 2.0.2 | 5.00 | 60.00 | 65.00 | OK | 
Version: 2.0.2
Check: CRAN incoming feasibility
Result: NOTE
  Maintainer: ‘Charlie Casper <charlie.casper@hsc.utah.edu>’
  
  No Authors@R field in DESCRIPTION.
  Please add one, modifying
    Authors@R: c(person(given = "Charlie",
                        family = "Casper",
                        role = c("aut", "cre"),
                        email = "charlie.casper@hsc.utah.edu"),
                 person(given = "Thomas",
                        family = "Cook",
                        role = "aut"),
                 person(given = c("Oscar", "A.", "Perez.", "Based", "on", "FORTRAN", "program"),
                        family = "ld98.",
                        role = "aut"))
  as necessary.
Flavors: r-devel-linux-x86_64-debian-clang, r-devel-linux-x86_64-debian-gcc