Last updated on 2025-10-30 18:49:56 CET.
| Flavor | Version | Tinstall | Tcheck | Ttotal | Status | Flags | 
|---|---|---|---|---|---|---|
| r-devel-linux-x86_64-debian-clang | 1.1 | 1.57 | 19.01 | 20.58 | NOTE | |
| r-devel-linux-x86_64-debian-gcc | 1.1 | 1.40 | 15.70 | 17.10 | NOTE | |
| r-devel-linux-x86_64-fedora-clang | 1.1 | 31.88 | OK | |||
| r-devel-linux-x86_64-fedora-gcc | 1.1 | 27.99 | OK | |||
| r-devel-windows-x86_64 | 1.1 | 2.00 | 35.00 | 37.00 | OK | |
| r-patched-linux-x86_64 | 1.1 | 1.51 | 17.93 | 19.44 | OK | |
| r-release-linux-x86_64 | 1.1 | 1.62 | 18.04 | 19.66 | OK | |
| r-release-macos-arm64 | 1.1 | 1.00 | 16.00 | 17.00 | OK | |
| r-release-macos-x86_64 | 1.1 | 2.00 | 19.00 | 21.00 | OK | |
| r-release-windows-x86_64 | 1.1 | 4.00 | 39.00 | 43.00 | OK | |
| r-oldrel-macos-arm64 | 1.1 | 1.00 | 13.00 | 14.00 | NOTE | |
| r-oldrel-macos-x86_64 | 1.1 | 1.00 | 19.00 | 20.00 | NOTE | |
| r-oldrel-windows-x86_64 | 1.1 | 2.00 | 36.00 | 38.00 | NOTE | 
Version: 1.1
Check: CRAN incoming feasibility
Result: NOTE
  Maintainer: ‘Jocelyn T. Chi <jtchi@ncsu.edu>’
  
  Package CITATION file contains call(s) to old-style personList() or
  as.personList().  Please use c() on person objects instead.
  Package CITATION file contains call(s) to old-style citEntry().  Please
  use bibentry() instead.
Flavors: r-devel-linux-x86_64-debian-clang, r-devel-linux-x86_64-debian-gcc
Version: 1.1
Check: LazyData
Result: NOTE
    'LazyData' is specified without a 'data' directory
Flavors: r-oldrel-macos-arm64, r-oldrel-macos-x86_64, r-oldrel-windows-x86_64