Last updated on 2025-10-08 20:49:26 CEST.
Flavor | Version | Tinstall | Tcheck | Ttotal | Status | Flags |
---|---|---|---|---|---|---|
r-devel-linux-x86_64-debian-clang | 0.1.0 | 2.44 | 184.50 | 186.94 | OK | |
r-devel-linux-x86_64-debian-gcc | 0.1.0 | 1.76 | 107.61 | 109.37 | OK | |
r-devel-linux-x86_64-fedora-clang | 0.1.0 | 303.63 | NOTE | |||
r-devel-linux-x86_64-fedora-gcc | 0.1.0 | 313.13 | NOTE | |||
r-devel-windows-x86_64 | 0.1.0 | 4.00 | 195.00 | 199.00 | OK | |
r-patched-linux-x86_64 | 0.1.0 | 2.40 | 171.39 | 173.79 | OK | |
r-release-linux-x86_64 | 0.1.0 | 2.43 | 170.32 | 172.75 | OK | |
r-release-macos-arm64 | 0.1.0 | 100.00 | OK | |||
r-release-macos-x86_64 | 0.1.0 | 208.00 | OK | |||
r-release-windows-x86_64 | 0.1.0 | 4.00 | 189.00 | 193.00 | OK | |
r-oldrel-macos-arm64 | 0.1.0 | 80.00 | NOTE | |||
r-oldrel-macos-x86_64 | 0.1.0 | 135.00 | NOTE | |||
r-oldrel-windows-x86_64 | 0.1.0 | 4.00 | 250.00 | 254.00 | NOTE |
Version: 0.1.0
Check: dependencies in R code
Result: NOTE
Namespaces in Imports field not imported from:
‘Rcpp’ ‘SnowballC’ ‘stringi’
All declared Imports should be used.
Flavors: r-devel-linux-x86_64-fedora-clang, r-devel-linux-x86_64-fedora-gcc
Version: 0.1.0
Check: LazyData
Result: NOTE
'LazyData' is specified without a 'data' directory
Flavors: r-oldrel-macos-arm64, r-oldrel-macos-x86_64, r-oldrel-windows-x86_64