CRAN Package Check Results for Package joineRML

Last updated on 2025-09-30 20:50:41 CEST.

Flavor Version Tinstall Tcheck Ttotal Status Flags
r-devel-linux-x86_64-debian-clang 0.4.7 73.03 225.41 298.44 OK --no-tests
r-devel-linux-x86_64-debian-gcc 0.4.7 51.48 164.12 215.60 OK --no-tests
r-devel-linux-x86_64-fedora-clang 0.4.7 649.50 OK
r-devel-linux-x86_64-fedora-gcc 0.4.7 675.28 OK
r-devel-windows-x86_64 0.4.7 94.00 553.00 647.00 OK
r-patched-linux-x86_64 0.4.7 76.74 257.06 333.80 OK --no-tests
r-release-linux-x86_64 0.4.7 75.15 261.50 336.65 OK --no-tests
r-release-macos-arm64 0.4.7 296.00 OK
r-release-macos-x86_64 0.4.7 383.00 OK
r-release-windows-x86_64 0.4.7 93.00 524.00 617.00 OK
r-oldrel-macos-arm64 0.4.7 201.00 NOTE
r-oldrel-macos-x86_64 0.4.7 431.00 NOTE
r-oldrel-windows-x86_64 0.4.7 106.00 547.00 653.00 OK

Check Details

Version: 0.4.7
Check: installed package size
Result: NOTE installed size is 6.3Mb sub-directories of 1Mb or more: data 1.3Mb libs 3.9Mb Flavors: r-oldrel-macos-arm64, r-oldrel-macos-x86_64