CRAN Package Check Results for Package iterLap

Last updated on 2025-07-22 08:48:34 CEST.

Flavor Version Tinstall Tcheck Ttotal Status Flags
r-devel-linux-x86_64-debian-clang 1.1-4 3.24 23.57 26.81 NOTE
r-devel-linux-x86_64-debian-gcc 1.1-4 2.31 19.06 21.37 NOTE
r-devel-linux-x86_64-fedora-clang 1.1-4 40.10 OK
r-devel-linux-x86_64-fedora-gcc 1.1-4 40.34 OK
r-devel-windows-x86_64 1.1-4 6.00 44.00 50.00 OK
r-patched-linux-x86_64 1.1-4 2.86 22.03 24.89 OK
r-release-linux-x86_64 1.1-4 2.99 22.16 25.15 OK
r-release-macos-arm64 1.1-4 21.00 OK
r-release-macos-x86_64 1.1-4 29.00 OK
r-release-windows-x86_64 1.1-4 6.00 51.00 57.00 OK
r-oldrel-macos-arm64 1.1-4 18.00 OK
r-oldrel-macos-x86_64 1.1-4 25.00 OK
r-oldrel-windows-x86_64 1.1-4 7.00 45.00 52.00 OK

Check Details

Version: 1.1-4
Check: CRAN incoming feasibility
Result: NOTE Maintainer: ‘Bjoern Bornkamp <bbnkmp@mail.de>’ No Authors@R field in DESCRIPTION. Please add one, modifying Authors@R: person(given = "Bjoern", family = "Bornkamp", role = c("aut", "cre"), email = "bbnkmp@mail.de") as necessary. Flavors: r-devel-linux-x86_64-debian-clang, r-devel-linux-x86_64-debian-gcc