Last updated on 2025-10-29 18:51:24 CET.
| Flavor | Version | Tinstall | Tcheck | Ttotal | Status | Flags | 
|---|---|---|---|---|---|---|
| r-devel-linux-x86_64-debian-clang | 0.1.4 | 16.98 | 199.21 | 216.19 | NOTE | |
| r-devel-linux-x86_64-debian-gcc | 0.1.4 | 10.73 | 135.67 | 146.40 | NOTE | |
| r-devel-linux-x86_64-fedora-clang | 0.1.4 | 71.00 | 276.12 | 347.12 | NOTE | |
| r-devel-linux-x86_64-fedora-gcc | 0.1.4 | 37.00 | 273.76 | 310.76 | NOTE | |
| r-devel-windows-x86_64 | 0.1.4 | 18.00 | 198.00 | 216.00 | NOTE | |
| r-patched-linux-x86_64 | 0.1.4 | 16.56 | 183.79 | 200.35 | NOTE | |
| r-release-linux-x86_64 | 0.1.4 | 14.90 | 183.89 | 198.79 | NOTE | |
| r-release-macos-arm64 | 0.1.4 | 8.00 | 96.00 | 104.00 | NOTE | |
| r-release-macos-x86_64 | 0.1.4 | 12.00 | 152.00 | 164.00 | NOTE | |
| r-release-windows-x86_64 | 0.1.4 | 17.00 | 200.00 | 217.00 | NOTE | |
| r-oldrel-macos-arm64 | 0.1.4 | 6.00 | 89.00 | 95.00 | OK | |
| r-oldrel-macos-x86_64 | 0.1.4 | 12.00 | 160.00 | 172.00 | OK | |
| r-oldrel-windows-x86_64 | 0.1.4 | 24.00 | 262.00 | 286.00 | OK | 
Version: 0.1.4
Check: DESCRIPTION meta-information
Result: NOTE
    Missing dependency on R >= 4.1.0 because package code uses the pipe
    |> or function shorthand \(...) syntax added in R 4.1.0.
    File(s) using such syntax:
      ‘calc_lhat_glm.Rd’ ‘ipd.R’ ‘logistic_get_stats.Rd’ ‘ols_get_stats.Rd’
      ‘postpi_analytic_ols.Rd’ ‘postpi_boot_logistic.Rd’
      ‘postpi_boot_ols.Rd’ ‘ppi_logistic.Rd’ ‘ppi_mean.Rd’ ‘ppi_ols.R’
      ‘ppi_ols.Rd’ ‘ppi_plusplus_logistic.Rd’
      ‘ppi_plusplus_logistic_est.Rd’ ‘ppi_plusplus_mean.Rd’
      ‘ppi_plusplus_mean_est.Rd’ ‘ppi_plusplus_ols.Rd’
      ‘ppi_plusplus_ols_est.Rd’ ‘ppi_plusplus_quantile.Rd’
      ‘ppi_plusplus_quantile_est.Rd’ ‘ppi_quantile.Rd’ ‘pspa_logistic.Rd’
      ‘pspa_mean.Rd’ ‘pspa_ols.Rd’ ‘pspa_poisson.Rd’ ‘pspa_quantile.Rd’
      ‘simdat.R’
Flavors: r-devel-linux-x86_64-debian-clang, r-devel-linux-x86_64-debian-gcc, r-devel-linux-x86_64-fedora-clang, r-devel-linux-x86_64-fedora-gcc, r-devel-windows-x86_64, r-patched-linux-x86_64, r-release-linux-x86_64, r-release-macos-arm64, r-release-windows-x86_64
Version: 0.1.4
Check: DESCRIPTION meta-information
Result: NOTE
    Missing dependency on R >= 4.1.0 because package code uses the pipe
    |> or function shorthand \(...) syntax added in R 4.1.0.
    File(s) using such syntax:
      ‘ipd.R’ ‘ppi_ols.R’ ‘simdat.R’
Flavor: r-release-macos-x86_64