Last updated on 2025-10-21 19:51:26 CEST.
Flavor | Version | Tinstall | Tcheck | Ttotal | Status | Flags |
---|---|---|---|---|---|---|
r-devel-linux-x86_64-debian-clang | 2.0.2 | 28.32 | 533.14 | 561.46 | NOTE | |
r-devel-linux-x86_64-debian-gcc | 2.0.2 | 17.18 | 357.19 | 374.37 | NOTE | |
r-devel-linux-x86_64-fedora-clang | 2.0.2 | 80.00 | 746.21 | 826.21 | OK | |
r-devel-linux-x86_64-fedora-gcc | 2.0.2 | 54.00 | 745.67 | 799.67 | OK | |
r-devel-windows-x86_64 | 2.0.2 | 29.00 | 497.00 | 526.00 | OK | |
r-patched-linux-x86_64 | 2.0.2 | 31.20 | 509.15 | 540.35 | OK | |
r-release-linux-x86_64 | 2.0.2 | 22.24 | 513.93 | 536.17 | OK | |
r-release-macos-arm64 | 2.0.2 | 14.00 | 219.00 | 233.00 | OK | |
r-release-macos-x86_64 | 2.0.2 | 34.00 | 493.00 | 527.00 | OK | |
r-release-windows-x86_64 | 2.0.2 | 33.00 | 504.00 | 537.00 | OK | |
r-oldrel-macos-arm64 | 2.0.2 | 14.00 | 180.00 | 194.00 | OK | |
r-oldrel-macos-x86_64 | 2.0.2 | 29.00 | 473.00 | 502.00 | OK | |
r-oldrel-windows-x86_64 | 2.0.2 | 43.00 | 662.00 | 705.00 | OK |
Version: 2.0.2
Check: HTML version of manual
Result: NOTE
Found the following HTML validation problems:
rename2_cvt.html:62:1 (rename2_cvt.Rd:24): Warning: missing </ul> before </div>
stat_model.html:53:1 (stat_model.Rd:15): Warning: missing </ul> before </div>
Flavors: r-devel-linux-x86_64-debian-clang, r-devel-linux-x86_64-debian-gcc