CRAN Package Check Results for Package inlabru

Last updated on 2025-09-30 20:50:41 CEST.

Flavor Version Tinstall Tcheck Ttotal Status Flags
r-devel-linux-x86_64-debian-clang 2.13.0 22.53 260.47 283.00 OK
r-devel-linux-x86_64-debian-gcc 2.13.0 14.82 180.30 195.12 OK
r-devel-linux-x86_64-fedora-clang 2.13.0 740.20 OK
r-devel-linux-x86_64-fedora-gcc 2.13.0 743.28 OK
r-devel-windows-x86_64 2.13.0 27.00 262.00 289.00 OK
r-patched-linux-x86_64 2.13.0 28.07 244.20 272.27 OK
r-release-linux-x86_64 2.13.0 25.25 243.17 268.42 OK
r-release-macos-arm64 2.13.0 108.00 OK
r-release-macos-x86_64 2.13.0 233.00 OK
r-release-windows-x86_64 2.13.0 25.00 260.00 285.00 OK
r-oldrel-macos-arm64 2.13.0 106.00 NOTE
r-oldrel-macos-x86_64 2.13.0 217.00 NOTE
r-oldrel-windows-x86_64 2.13.0 37.00 336.00 373.00 OK

Check Details

Version: 2.13.0
Check: package dependencies
Result: NOTE Package suggested but not available for checking: ‘INLA’ Flavors: r-oldrel-macos-arm64, r-oldrel-macos-x86_64