Last updated on 2025-11-04 07:49:57 CET.
| Flavor | Version | Tinstall | Tcheck | Ttotal | Status | Flags | 
|---|---|---|---|---|---|---|
| r-devel-linux-x86_64-debian-clang | 1.0.7 | 1.58 | 20.36 | 21.94 | NOTE | |
| r-devel-linux-x86_64-debian-gcc | 1.0.7 | 1.43 | 16.87 | 18.30 | NOTE | |
| r-devel-linux-x86_64-fedora-clang | 1.0.7 | 34.42 | OK | |||
| r-devel-linux-x86_64-fedora-gcc | 1.0.7 | 30.94 | OK | |||
| r-devel-windows-x86_64 | 1.0.7 | 2.00 | 39.00 | 41.00 | OK | |
| r-patched-linux-x86_64 | 1.0.7 | 1.72 | 19.16 | 20.88 | OK | |
| r-release-linux-x86_64 | 1.0.7 | 1.82 | 19.05 | 20.87 | OK | |
| r-release-macos-arm64 | 1.0.7 | 1.00 | 15.00 | 16.00 | OK | |
| r-release-macos-x86_64 | 1.0.7 | 2.00 | 22.00 | 24.00 | OK | |
| r-release-windows-x86_64 | 1.0.7 | 3.00 | 39.00 | 42.00 | OK | |
| r-oldrel-macos-arm64 | 1.0.7 | 1.00 | 13.00 | 14.00 | NOTE | |
| r-oldrel-macos-x86_64 | 1.0.7 | 2.00 | 21.00 | 23.00 | NOTE | |
| r-oldrel-windows-x86_64 | 1.0.7 | 3.00 | 40.00 | 43.00 | NOTE | 
Version: 1.0.7
Check: CRAN incoming feasibility
Result: NOTE
  Maintainer: ‘Paul R Rosenbaum <rosenbaum@wharton.upenn.edu>’
  
  No Authors@R field in DESCRIPTION.
  Please add one, modifying
    Authors@R: person(given = c("Paul", "R"),
                      family = "Rosenbaum",
                      role = c("aut", "cre"),
                      email = "rosenbaum@wharton.upenn.edu")
  as necessary.
Flavors: r-devel-linux-x86_64-debian-clang, r-devel-linux-x86_64-debian-gcc
Version: 1.0.7
Check: package dependencies
Result: NOTE
  Package which this enhances but not available for checking: ‘gurobi’
Flavors: r-oldrel-macos-arm64, r-oldrel-macos-x86_64, r-oldrel-windows-x86_64