CRAN Package Check Results for Package incase

Last updated on 2025-07-24 08:49:24 CEST.

Flavor Version Tinstall Tcheck Ttotal Status Flags
r-devel-linux-x86_64-debian-clang 0.3.2 2.88 33.05 35.93 NOTE
r-devel-linux-x86_64-debian-gcc 0.3.2 2.02 26.04 28.06 NOTE
r-devel-linux-x86_64-fedora-clang 0.4.0 60.53 OK
r-devel-linux-x86_64-fedora-gcc 0.4.0 32.12 OK
r-devel-windows-x86_64 0.3.2 4.00 52.00 56.00 NOTE
r-patched-linux-x86_64 0.3.2 2.83 30.20 33.03 NOTE
r-release-linux-x86_64 0.3.2 2.63 29.92 32.55 NOTE
r-release-macos-arm64 0.3.2 21.00 OK
r-release-macos-x86_64 0.3.2 33.00 OK
r-release-windows-x86_64 0.3.2 4.00 56.00 60.00 NOTE
r-oldrel-macos-arm64 0.3.2 20.00 OK
r-oldrel-macos-x86_64 0.3.2 29.00 OK
r-oldrel-windows-x86_64 0.3.2 5.00 61.00 66.00 OK

Check Details

Version: 0.3.2
Check: Rd cross-references
Result: NOTE Found the following Rd file(s) with Rd \link{} targets missing package anchors: if_case.Rd: magrittr Please provide package anchors for all Rd \link{} targets not in the package itself and the base packages. Flavors: r-devel-linux-x86_64-debian-clang, r-devel-linux-x86_64-debian-gcc, r-devel-windows-x86_64, r-patched-linux-x86_64, r-release-linux-x86_64, r-release-windows-x86_64