Last updated on 2025-10-09 20:50:18 CEST.
Flavor | Version | Tinstall | Tcheck | Ttotal | Status | Flags |
---|---|---|---|---|---|---|
r-devel-linux-x86_64-debian-clang | 0.5.0 | 4.60 | 51.58 | 56.18 | NOTE | |
r-devel-linux-x86_64-debian-gcc | 0.5.0 | 3.00 | 39.45 | 42.45 | NOTE | |
r-devel-linux-x86_64-fedora-clang | 0.5.0 | 90.10 | NOTE | |||
r-devel-linux-x86_64-fedora-gcc | 0.5.0 | 97.59 | NOTE | |||
r-devel-windows-x86_64 | 0.5.0 | 9.00 | 75.00 | 84.00 | NOTE | |
r-patched-linux-x86_64 | 0.5.0 | 4.71 | 49.43 | 54.14 | NOTE | |
r-release-linux-x86_64 | 0.5.0 | 4.35 | 49.67 | 54.02 | NOTE | |
r-release-macos-arm64 | 0.5.0 | 50.00 | NOTE | |||
r-release-macos-x86_64 | 0.5.0 | 79.00 | NOTE | |||
r-release-windows-x86_64 | 0.5.0 | 8.00 | 74.00 | 82.00 | NOTE | |
r-oldrel-macos-arm64 | 0.5.0 | 38.00 | NOTE | |||
r-oldrel-macos-x86_64 | 0.5.0 | 57.00 | NOTE | |||
r-oldrel-windows-x86_64 | 0.5.0 | 9.00 | 84.00 | 93.00 | NOTE |
Version: 0.5.0
Check: Rd files
Result: NOTE
checkRd: (-1) stringCSSRule.Rd:22: Lost braces
22 | using the {{placeholder}} convention.
| ^
checkRd: (-1) stringTemplate.Rd:23: Lost braces
23 | placeholders are marked using the {{placeholder}} convention.
| ^
checkRd: (-1) stringTemplate.Rd:12: Lost braces
12 | {{placeholder}} format.}
| ^
Flavors: r-devel-linux-x86_64-debian-clang, r-devel-linux-x86_64-debian-gcc, r-devel-linux-x86_64-fedora-clang, r-devel-linux-x86_64-fedora-gcc, r-devel-windows-x86_64, r-patched-linux-x86_64, r-release-linux-x86_64, r-release-macos-arm64, r-release-macos-x86_64, r-release-windows-x86_64, r-oldrel-macos-arm64, r-oldrel-macos-x86_64, r-oldrel-windows-x86_64
Version: 0.5.0
Check: Rd cross-references
Result: NOTE
Found the following Rd file(s) with Rd \link{} targets missing package
anchors:
flexPage.Rd: htmlDependency, tagList, shinyUI
flexPanel.Rd: HTML, htmlDependency, tagList
gridPage.Rd: htmlDependency, tagList, shinyUI
gridPanel.Rd: HTML, htmlDependency, tagList
stringCSSRule.Rd: htmlTemplate
stringTemplate.Rd: htmlTemplate
Please provide package anchors for all Rd \link{} targets not in the
package itself and the base packages.
Flavors: r-devel-linux-x86_64-debian-clang, r-devel-linux-x86_64-debian-gcc, r-devel-windows-x86_64, r-patched-linux-x86_64, r-release-linux-x86_64, r-release-windows-x86_64