Last updated on 2025-11-28 19:50:13 CET.
| Flavor | Version | Tinstall | Tcheck | Ttotal | Status | Flags |
|---|---|---|---|---|---|---|
| r-devel-linux-x86_64-debian-clang | 0.1.1 | 9.36 | 25.56 | 34.92 | OK | |
| r-devel-linux-x86_64-debian-gcc | 0.1.1 | 6.32 | 20.73 | 27.05 | OK | |
| r-devel-linux-x86_64-fedora-clang | 0.1.1 | 45.54 | OK | |||
| r-devel-linux-x86_64-fedora-gcc | 0.1.1 | 47.18 | OK | |||
| r-devel-windows-x86_64 | 0.1 | 16.00 | 60.00 | 76.00 | NOTE | |
| r-patched-linux-x86_64 | 0.1 | 8.28 | 24.10 | 32.38 | NOTE | |
| r-release-linux-x86_64 | 0.1 | 9.20 | 23.85 | 33.05 | NOTE | |
| r-release-macos-arm64 | 0.1 | NOTE | ||||
| r-release-macos-x86_64 | 0.1.1 | 25.00 | 44.00 | 69.00 | OK | |
| r-release-windows-x86_64 | 0.1 | 14.00 | 60.00 | 74.00 | NOTE | |
| r-oldrel-macos-arm64 | 0.1 | NOTE | ||||
| r-oldrel-macos-x86_64 | 0.1.1 | 27.00 | 64.00 | 91.00 | OK | |
| r-oldrel-windows-x86_64 | 0.1.1 | 19.00 | 70.00 | 89.00 | OK |
Version: 0.1
Check: C++ specification
Result: NOTE
Specified C++11: please drop specification unless essential
Flavors: r-devel-windows-x86_64, r-patched-linux-x86_64, r-release-linux-x86_64, r-release-macos-arm64, r-release-windows-x86_64, r-oldrel-macos-arm64