CRAN Package Check Results for Package ifo

Last updated on 2025-07-22 08:48:34 CEST.

Flavor Version Tinstall Tcheck Ttotal Status Flags
r-devel-linux-x86_64-debian-clang 0.2.1 3.13 34.44 37.57 OK
r-devel-linux-x86_64-debian-gcc 0.2.1 2.24 26.57 28.81 OK
r-devel-linux-x86_64-fedora-clang 0.2.1 55.38 NOTE
r-devel-linux-x86_64-fedora-gcc 0.2.1 51.71 NOTE
r-devel-windows-x86_64 0.2.1 4.00 49.00 53.00 OK
r-patched-linux-x86_64 0.2.1 3.07 30.72 33.79 OK
r-release-linux-x86_64 0.2.1 3.08 30.68 33.76 OK
r-release-macos-arm64 0.2.1 23.00 OK
r-release-macos-x86_64 0.2.1 33.00 OK
r-release-windows-x86_64 0.2.1 5.00 50.00 55.00 OK
r-oldrel-macos-arm64 0.2.1 27.00 OK
r-oldrel-macos-x86_64 0.2.1 37.00 OK
r-oldrel-windows-x86_64 0.2.1 6.00 60.00 66.00 OK

Check Details

Version: 0.2.1
Check: dependencies in R code
Result: NOTE Namespace in Imports field not imported from: ‘utils’ All declared Imports should be used. Flavors: r-devel-linux-x86_64-fedora-clang, r-devel-linux-x86_64-fedora-gcc