Last updated on 2025-10-21 08:50:45 CEST.
Flavor | Version | Tinstall | Tcheck | Ttotal | Status | Flags |
---|---|---|---|---|---|---|
r-devel-linux-x86_64-debian-clang | 4.3.0 | 3.24 | 28.19 | 31.43 | OK | |
r-devel-linux-x86_64-debian-gcc | 4.3.0 | 2.14 | 22.35 | 24.49 | NOTE | |
r-devel-linux-x86_64-fedora-clang | 4.3.0 | 48.12 | OK | |||
r-devel-linux-x86_64-fedora-gcc | 4.3.0 | 43.62 | OK | |||
r-devel-windows-x86_64 | 4.3.0 | 4.00 | 48.00 | 52.00 | OK | |
r-patched-linux-x86_64 | 4.3.0 | 3.22 | 26.84 | 30.06 | OK | |
r-release-linux-x86_64 | 4.3.0 | 2.68 | 26.82 | 29.50 | OK | |
r-release-macos-arm64 | 4.3.0 | 21.00 | OK | |||
r-release-macos-x86_64 | 4.3.0 | 30.00 | OK | |||
r-release-windows-x86_64 | 4.3.0 | 6.00 | 48.00 | 54.00 | OK | |
r-oldrel-macos-arm64 | 4.3.0 | 25.00 | OK | |||
r-oldrel-macos-x86_64 | 4.3.0 | 73.00 | OK | |||
r-oldrel-windows-x86_64 | 4.3.0 | 7.00 | 56.00 | 63.00 | OK |
Version: 4.3.0
Check: HTML version of manual
Result: NOTE
Found the following HTML validation problems:
read.artifacts.html:50:1 (read.artifacts.Rd:12): Warning: missing </ul> before </div>
write.artifacts.html:55:1 (write.artifacts.Rd:15): Warning: missing </ul> before </div>
Flavor: r-devel-linux-x86_64-debian-gcc