CRAN Package Check Results for Package ialiquor

Last updated on 2025-07-24 08:49:24 CEST.

Flavor Version Tinstall Tcheck Ttotal Status Flags
r-devel-linux-x86_64-debian-clang 0.1.0 3.14 31.17 34.31 OK
r-devel-linux-x86_64-debian-gcc 0.1.0 2.37 24.73 27.10 OK
r-devel-linux-x86_64-fedora-clang 0.1.0 50.79 OK
r-devel-linux-x86_64-fedora-gcc 0.1.0 58.61 OK
r-devel-windows-x86_64 0.1.0 5.00 47.00 52.00 OK
r-patched-linux-x86_64 0.1.0 3.11 28.46 31.57 OK
r-release-linux-x86_64 0.1.0 3.04 28.57 31.61 OK
r-release-macos-arm64 0.1.0 25.00 OK
r-release-macos-x86_64 0.1.0 47.00 OK
r-release-windows-x86_64 0.1.0 4.00 48.00 52.00 OK
r-oldrel-macos-arm64 0.1.0 26.00 OK
r-oldrel-macos-x86_64 0.1.0 39.00 NOTE
r-oldrel-windows-x86_64 0.1.0 4.00 55.00 59.00 OK

Check Details

Version: 0.1.0
Check: installed package size
Result: NOTE installed size is 5.0Mb sub-directories of 1Mb or more: data 4.4Mb Flavor: r-oldrel-macos-x86_64