CRAN Package Check Results for Package hett

Last updated on 2025-09-30 20:50:40 CEST.

Flavor Version Tinstall Tcheck Ttotal Status Flags
r-devel-linux-x86_64-debian-clang 0.3-3 2.14 26.73 28.87 NOTE
r-devel-linux-x86_64-debian-gcc 0.3-3 1.77 22.00 23.77 NOTE
r-devel-linux-x86_64-fedora-clang 0.3-3 40.21 OK
r-devel-linux-x86_64-fedora-gcc 0.3-3 43.12 OK
r-devel-windows-x86_64 0.3-3 4.00 49.00 53.00 OK
r-patched-linux-x86_64 0.3-3 2.24 25.31 27.55 OK
r-release-linux-x86_64 0.3-3 2.06 25.71 27.77 OK
r-release-macos-arm64 0.3-3 19.00 OK
r-release-macos-x86_64 0.3-3 29.00 OK
r-release-windows-x86_64 0.3-3 4.00 46.00 50.00 OK
r-oldrel-macos-arm64 0.3-3 26.00 OK
r-oldrel-macos-x86_64 0.3-3 33.00 OK
r-oldrel-windows-x86_64 0.3-3 4.00 52.00 56.00 OK

Check Details

Version: 0.3-3
Check: CRAN incoming feasibility
Result: NOTE Maintainer: ‘Julian Taylor <julian.taylor@adelaide.edu.au>’ No Authors@R field in DESCRIPTION. Please add one, modifying Authors@R: person(given = "Julian", family = "Taylor", role = c("aut", "cre"), email = "julian.taylor@adelaide.edu.au") as necessary. Flavors: r-devel-linux-x86_64-debian-clang, r-devel-linux-x86_64-debian-gcc