Last updated on 2025-10-06 20:48:36 CEST.
Flavor | Version | Tinstall | Tcheck | Ttotal | Status | Flags |
---|---|---|---|---|---|---|
r-devel-linux-x86_64-debian-clang | 0.5.6 | 241.89 | 433.70 | 675.59 | OK | |
r-devel-linux-x86_64-debian-gcc | 0.5.6 | 175.33 | 289.85 | 465.18 | OK | |
r-devel-linux-x86_64-fedora-clang | 0.5.6 | 1050.29 | OK | |||
r-devel-linux-x86_64-fedora-gcc | 0.5.6 | 1051.51 | OK | |||
r-devel-windows-x86_64 | 0.5.6 | 273.00 | 447.00 | 720.00 | OK | |
r-patched-linux-x86_64 | 0.5.6 | 268.26 | 368.43 | 636.69 | OK | |
r-release-linux-x86_64 | 0.5.6 | 264.02 | 377.02 | 641.04 | OK | |
r-release-macos-arm64 | 0.5.5 | 258.00 | OK | |||
r-release-macos-x86_64 | 0.5.6 | 723.00 | OK | |||
r-release-windows-x86_64 | 0.5.6 | 198.00 | 385.00 | 583.00 | OK | |
r-oldrel-macos-arm64 | 0.5.5 | 257.00 | NOTE | |||
r-oldrel-macos-x86_64 | 0.5.6 | 754.00 | NOTE | |||
r-oldrel-windows-x86_64 | 0.5.6 | 346.00 | 564.00 | 910.00 | NOTE |
Version: 0.5.5
Check: installed package size
Result: NOTE
installed size is 23.8Mb
sub-directories of 1Mb or more:
doc 2.2Mb
libs 19.7Mb
Flavor: r-oldrel-macos-arm64
Version: 0.5.6
Check: installed package size
Result: NOTE
installed size is 24.4Mb
sub-directories of 1Mb or more:
doc 2.2Mb
libs 20.4Mb
Flavors: r-oldrel-macos-x86_64, r-oldrel-windows-x86_64