CRAN Package Check Results for Package guildai

Last updated on 2025-07-22 08:48:33 CEST.

Flavor Version Tinstall Tcheck Ttotal Status Flags
r-devel-linux-x86_64-debian-clang 0.0.1 4.86 43.80 48.66 NOTE
r-devel-linux-x86_64-debian-gcc 0.0.1 3.42 32.69 36.11 NOTE
r-devel-linux-x86_64-fedora-clang 0.0.1 71.97 NOTE
r-devel-linux-x86_64-fedora-gcc 0.0.1 67.47 NOTE
r-devel-windows-x86_64 0.0.1 6.00 60.00 66.00 NOTE
r-patched-linux-x86_64 0.0.1 5.63 38.90 44.53 NOTE
r-release-linux-x86_64 0.0.1 4.53 38.54 43.07 NOTE
r-release-macos-arm64 0.0.1 26.00 NOTE
r-release-macos-x86_64 0.0.1 48.00 NOTE
r-release-windows-x86_64 0.0.1 6.00 58.00 64.00 NOTE
r-oldrel-macos-arm64 0.0.1 25.00 NOTE
r-oldrel-macos-x86_64 0.0.1 42.00 NOTE
r-oldrel-windows-x86_64 0.0.1 8.00 70.00 78.00 NOTE

Check Details

Version: 0.0.1
Check: Rd files
Result: NOTE checkRd: (-1) guild_merge.Rd:38: Lost braces; missing escapes or markup? 38 | \item{\code{summary_name}}{Name used for the run summary. Use '${run_id}' in the name to include the run ID.} | ^ checkRd: (-1) guild_merge_cli.Rd:88: Lost braces; missing escapes or markup? 88 | \item{summary_name}{Name used for the run summary. Use '${run_id}' in the name to include the run ID.} | ^ Flavors: r-devel-linux-x86_64-debian-clang, r-devel-linux-x86_64-debian-gcc, r-devel-linux-x86_64-fedora-clang, r-devel-linux-x86_64-fedora-gcc, r-devel-windows-x86_64, r-patched-linux-x86_64, r-release-linux-x86_64, r-release-macos-arm64, r-release-macos-x86_64, r-release-windows-x86_64, r-oldrel-macos-arm64, r-oldrel-macos-x86_64, r-oldrel-windows-x86_64