CRAN Package Check Results for Package growthrate

Last updated on 2025-07-27 08:48:30 CEST.

Flavor Version Tinstall Tcheck Ttotal Status Flags
r-devel-linux-x86_64-debian-clang 1.3 5.67 52.88 58.55 NOTE
r-devel-linux-x86_64-debian-gcc 1.3 4.92 41.61 46.53 NOTE
r-devel-linux-x86_64-fedora-clang 1.3 91.52 OK
r-devel-linux-x86_64-fedora-gcc 1.3 88.01 OK
r-devel-windows-x86_64 1.3 7.00 69.00 76.00 OK
r-patched-linux-x86_64 1.3 6.71 51.58 58.29 OK
r-release-linux-x86_64 1.3 6.01 51.92 57.93 OK
r-release-macos-arm64 1.3 33.00 OK
r-release-macos-x86_64 1.3 59.00 OK
r-release-windows-x86_64 1.3 7.00 66.00 73.00 OK
r-oldrel-macos-arm64 1.3 30.00 OK
r-oldrel-macos-x86_64 1.3 70.00 OK
r-oldrel-windows-x86_64 1.3 10.00 81.00 91.00 OK

Check Details

Version: 1.3
Check: CRAN incoming feasibility
Result: NOTE Maintainer: ‘Ian W. McKeague <im2131@columbia.edu>’ No Authors@R field in DESCRIPTION. Please add one, modifying Authors@R: c(person(given = "Sara", family = "Lopez-Pintado", role = "aut"), person(given = c("Ian", "W."), family = "McKeague", role = c("aut", "cre"), email = "im2131@columbia.edu")) as necessary. Flavors: r-devel-linux-x86_64-debian-clang, r-devel-linux-x86_64-debian-gcc