CRAN Package Check Results for Package growR

Last updated on 2025-10-21 08:50:43 CEST.

Flavor Version Tinstall Tcheck Ttotal Status Flags
r-devel-linux-x86_64-debian-clang 1.3.0 10.75 78.54 89.29 OK
r-devel-linux-x86_64-debian-gcc 1.3.0 8.16 57.41 65.57 NOTE
r-devel-linux-x86_64-fedora-clang 1.3.0 143.29 OK
r-devel-linux-x86_64-fedora-gcc 1.3.0 146.83 OK
r-devel-windows-x86_64 1.3.0 12.00 95.00 107.00 OK
r-patched-linux-x86_64 1.3.0 14.27 76.36 90.63 OK
r-release-linux-x86_64 1.3.0 10.35 75.25 85.60 OK
r-release-macos-arm64 1.3.0 54.00 OK
r-release-macos-x86_64 1.3.0 94.00 OK
r-release-windows-x86_64 1.3.0 13.00 103.00 116.00 OK
r-oldrel-macos-arm64 1.3.0 47.00 OK
r-oldrel-macos-x86_64 1.3.0 96.00 OK
r-oldrel-windows-x86_64 1.3.0 19.00 122.00 141.00 OK

Check Details

Version: 1.3.0
Check: HTML version of manual
Result: NOTE Found the following HTML validation problems: Combinator.html:148:1 (Combinator.Rd:73): Warning: <h5> anchor "Usage" already defined Combinator.html:154:1 (Combinator.Rd:77): Warning: <h5> anchor "Arguments" already defined FunctionalGroup.html:99:1 (FunctionalGroup.Rd:53): Warning: <h3> anchor "Public-fields" already defined FunctionalGroup.html:182:1 (FunctionalGroup.Rd:96): Warning: <h5> anchor "Usage" already defined FunctionalGroup.html:200:1 (FunctionalGroup.Rd:108): Warning: <h5> anchor "Usage" already defined FunctionalGroup.html:218:1 (FunctionalGroup.Rd:120): Warning: <h5> anchor "Usage" already defined FunctionalGroup.html:224:1 (FunctionalGroup.Rd:124): Warning: <h5> anchor "Arguments" already defined FunctionalGroup.html:247:1 (FunctionalGroup.Rd:137): Warning: <h5> anchor "Usage" already defined FunctionalGroup.html:253:1 (FunctionalGroup.Rd:141): Warning: <h5> anchor "Arguments" already defined FunctionalGroup.html:277:1 (FunctionalGroup.Rd:155): Warning: <h5> anchor "Usage" already defined FunctionalGroup.html:283:1 (FunctionalGroup.Rd:159): Warning: <h5> anchor "Arguments" already defined ManagementData.html:133:1 (ManagementData.Rd:77): Warning: <h5> anchor "Usage" already defined ManagementData.html:139:1 (ManagementData.Rd:81): Warning: <h5> anchor "Arguments" already defined ManagementData.html:173:1 (ManagementData.Rd:101): Warning: <h5> anchor "Usage" already defined ManagementData.html:179:1 (ManagementData.Rd:105): Warning: <h5> anchor "Arguments" already defined ManagementData.html:205:1 (ManagementData.Rd:121): Warning: <h5> anchor "Usage" already defined ManagementData.html:211:1 (ManagementData.Rd:125): Warning: <h5> anchor "Arguments" already defined ManagementData.html:224:1 (ManagementData.Rd:132): Warning: <h5> anchor "Returns" already defined ManagementData.html:265:1 (ManagementData.Rd:157): Warning: <h5> anchor "Usage" already defined ManagementData.html:271:1 (ManagementData.Rd:161): Warning: <h5> anchor "Arguments" already defined ModvegeEnvironment.html:171:1 (ModvegeEnvironment.Rd:116): Warning: <h5> anchor "Usage" already defined ModvegeEnvironment.html:177:1 (ModvegeEnvironment.Rd:120): Warning: <h5> anchor "Arguments" already defined ModvegeEnvironment.html:204:1 (ModvegeEnvironment.Rd:137): Warning: <h5> anchor "Usage" already defined ModvegeEnvironment.html:220:1 (ModvegeEnvironment.Rd:147): Warning: <h5> anchor "Usage" already defined ModvegeEnvironment.html:226:1 (ModvegeEnvironment.Rd:151): Warning: <h5> anchor "Arguments" already defined ModvegeEnvironment.html:260:1 (ModvegeEnvironment.Rd:171): Warning: <h5> anchor "Usage" already defined ModvegeEnvironment.html:266:1 (ModvegeEnvironment.Rd:175): Warning: <h5> anchor "Arguments" already defined ModvegeEnvironment.html:279:1 (ModvegeEnvironment.Rd:182): Warning: <h5> anchor "Returns" already defined ModvegeEnvironment.html:297:1 (ModvegeEnvironment.Rd:192): Warning: <h5> anchor "Usage" already defined ModvegeEnvironment.html:303:1 (ModvegeEnvironment.Rd:196): Warning: <h5> anchor "Arguments" already defined ModvegeParameters.html:355:1 (ModvegeParameters.Rd:177): Warning: <h5> anchor "Usage" already defined ModvegeParameters.html:361:1 (ModvegeParameters.Rd:181): Warning: <h5> anchor "Arguments" already defined ModvegeParameters.html:396:1 (ModvegeParameters.Rd:202): Warning: <h5> anchor "Usage" already defined ModvegeParameters.html:402:1 (ModvegeParameters.Rd:206): Warning: <h5> anchor "Arguments" already defined ModvegeParameters.html:428:1 (ModvegeParameters.Rd:222): Warning: <h5> anchor "Usage" already defined ModvegeParameters.html:448:1 (ModvegeParameters.Rd:236): Warning: <h5> anchor "Usage" already defined ModvegeParameters.html:454:1 (ModvegeParameters.Rd:240): Warning: <h5> anchor "Arguments" already defined ModvegeParameters.html:473:1 (ModvegeParameters.Rd:253): Warning: <h5> anchor "Returns" already defined ModvegeParameters.html:490:1 (ModvegeParameters.Rd:262): Warning: <h5> anchor "Usage" already defined ModvegeParameters.html:496:1 (ModvegeParameters.Rd:266): Warning: <h5> anchor "Arguments" already defined ModvegeSite.html:375:1 (ModvegeSite.Rd:230): Warning: <h5> anchor "Usage" already defined ModvegeSite.html:398:1 (ModvegeSite.Rd:243): Warning: <h5> anchor "Usage" already defined ModvegeSite.html:404:1 (ModvegeSite.Rd:247): Warning: <h5> anchor "Returns" already defined ModvegeSite.html:433:1 (ModvegeSite.Rd:264): Warning: <h5> anchor "Usage" already defined ModvegeSite.html:439:1 (ModvegeSite.Rd:268): Warning: <h5> anchor "Arguments" already defined ModvegeSite.html:452:1 (ModvegeSite.Rd:275): Warning: <h5> anchor "Returns" already defined ModvegeSite.html:469:1 (ModvegeSite.Rd:284): Warning: <h5> anchor "Usage" already defined ModvegeSite.html:475:1 (ModvegeSite.Rd:288): Warning: <h5> anchor "Arguments" already defined ModvegeSite.html:488:1 (ModvegeSite.Rd:295): Warning: <h5> anchor "Returns" already defined ModvegeSite.html:526:1 (ModvegeSite.Rd:325): Warning: <h5> anchor "Usage" already defined ModvegeSite.html:532:1 (ModvegeSite.Rd:329): Warning: <h5> anchor "Arguments" already defined ModvegeSite.html:545:1 (ModvegeSite.Rd:336): Warning: <h5> anchor "Returns" already defined ModvegeSite.html:578:1 (ModvegeSite.Rd:361): Warning: <h5> anchor "Usage" already defined ModvegeSite.html:584:1 (ModvegeSite.Rd:365): Warning: <h5> anchor "Arguments" already defined ModvegeSite.html:600:1 (ModvegeSite.Rd:375): Warning: <h5> anchor "Returns" already defined ModvegeSite.html:618:1 (ModvegeSite.Rd:385): Warning: <h5> anchor "Usage" already defined ModvegeSite.html:624:1 (ModvegeSite.Rd:389): Warning: <h5> anchor "Arguments" already defined ModvegeSite.html:643:1 (ModvegeSite.Rd:402): Warning: <h5> anchor "Returns" already defined ModvegeSite.html:664:1 (ModvegeSite.Rd:415): Warning: <h5> anchor "Usage" already defined ModvegeSite.html:670:1 (ModvegeSite.Rd:419): Warning: <h5> anchor "Arguments" already defined ModvegeSite.html:685:1 (ModvegeSite.Rd:428): Warning: <h5> anchor "Returns" already defined ModvegeSite.html:706:1 (ModvegeSite.Rd:441): Warning: <h5> anchor "Usage" already defined ModvegeSite.html:712:1 (ModvegeSite.Rd:445): Warning: <h5> anchor "Arguments" already defined ModvegeSite.html:725:1 (ModvegeSite.Rd:452): Warning: <h5> anchor "Returns" already defined ModvegeSite.html:748:1 (ModvegeSite.Rd:467): Warning: <h5> anchor "Usage" already defined ModvegeSite.html:754:1 (ModvegeSite.Rd:471): Warning: <h5> anchor "Arguments" already defined ModvegeSite.html:767:1 (ModvegeSite.Rd:478): Warning: <h5> anchor "Returns" already defined ModvegeSite.html:789:1 (ModvegeSite.Rd:492): Warning: <h5> anchor "Usage" already defined ModvegeSite.html:795:1 (ModvegeSite.Rd:496): Warning: <h5> anchor "Arguments" already defined ModvegeSite.html:811:1 (ModvegeSite.Rd:506): Warning: <h5> anchor "Returns" already defined ModvegeSite.html:833:1 (ModvegeSite.Rd:520): Warning: <h5> anchor "Usage" already defined ModvegeSite.html:839:1 (ModvegeSite.Rd:524): Warning: <h5> anchor "Arguments" already defined ModvegeSite.html:852:1 (ModvegeSite.Rd:531): Warning: <h5> anchor "Returns" already defined ModvegeSite.html:877:1 (ModvegeSite.Rd:548): Warning: <h5> anchor "Usage" already defined ModvegeSite.html:883:1 (ModvegeSite.Rd:552): Warning: <h5> anchor "Arguments" already defined ModvegeSite.html:896:1 (ModvegeSite.Rd:559): Warning: <h5> anchor "Returns" already defined ModvegeSite.html:921:1 (ModvegeSite.Rd:576): Warning: <h5> anchor "Usage" already defined ModvegeSite.html:927:1 (ModvegeSite.Rd:580): Warning: <h5> anchor "Arguments" already defined ModvegeSite.html:940:1 (ModvegeSite.Rd:587): Warning: <h5> anchor "Returns" already defined ModvegeSite.html:957:1 (ModvegeSite.Rd:596): Warning: <h5> anchor "Usage" already defined ModvegeSite.html:963:1 (ModvegeSite.Rd:600): Warning: <h5> anchor "Arguments" already defined ModvegeSite.html:978:1 (ModvegeSite.Rd:609): Warning: <h5> anchor "Returns" already defined ModvegeSite.html:995:1 (ModvegeSite.Rd:618): Warning: <h5> anchor "Usage" already defined ModvegeSite.html:1001:1 (ModvegeSite.Rd:622): Warning: <h5> anchor "Arguments" already defined PscanPlotter.html:135:1 (PscanPlotter.Rd:84): Warning: <h5> anchor "Usage" already defined PscanPlotter.html:141:1 (PscanPlotter.Rd:88): Warning: <h5> anchor "Arguments" already defined PscanPlotter.html:170:1 (PscanPlotter.Rd:107): Warning: <h5> anchor "Usage" already defined PscanPlotter.html:193:1 (PscanPlotter.Rd:124): Warning: <h5> anchor "Usage" already defined PscanPlotter.html:212:1 (PscanPlotter.Rd:137): Warning: <h5> anchor "Usage" already defined PscanPlotter.html:218:1 (PscanPlotter.Rd:141): Warning: <h5> anchor "Arguments" already defined PscanPlotter.html:242:1 (PscanPlotter.Rd:155): Warning: <h5> anchor "Usage" already defined PscanPlotter.html:248:1 (PscanPlotter.Rd:159): Warning: <h5> anchor "Arguments" already defined WeatherData.html:210:1 (WeatherData.Rd:117): Warning: <h5> anchor "Usage" already defined WeatherData.html:216:1 (WeatherData.Rd:121): Warning: <h5> anchor "Arguments" already defined WeatherData.html:244:1 (WeatherData.Rd:139): Warning: <h5> anchor "Usage" already defined WeatherData.html:250:1 (WeatherData.Rd:143): Warning: <h5> anchor "Arguments" already defined WeatherData.html:274:1 (WeatherData.Rd:157): Warning: <h5> anchor "Usage" already defined WeatherData.html:280:1 (WeatherData.Rd:161): Warning: <h5> anchor "Arguments" already defined WeatherData.html:304:1 (WeatherData.Rd:175): Warning: <h5> anchor "Usage" already defined WeatherData.html:310:1 (WeatherData.Rd:179): Warning: <h5> anchor "Arguments" already defined WeatherData.html:341:1 (WeatherData.Rd:196): Warning: <h5> anchor "Usage" already defined WeatherData.html:347:1 (WeatherData.Rd:200): Warning: <h5> anchor "Arguments" already defined append_to_table.html:57:1 (append_to_table.Rd:15): Warning: missing </ul> before </div> ensure_table_columns.html:56:1 (ensure_table_columns.Rd:15): Warning: missing </ul> before </div> get_site_name.html:47:1 (get_site_name.Rd:10): Warning: missing </ul> before </div> Flavor: r-devel-linux-x86_64-debian-gcc