CRAN Package Check Results for Package gpmap

Last updated on 2025-11-28 07:48:47 CET.

Flavor Version Tinstall Tcheck Ttotal Status Flags
r-devel-linux-x86_64-debian-clang 0.1.2 6.39 67.56 73.95 NOTE
r-devel-linux-x86_64-debian-gcc 0.1.2 4.47 47.93 52.40 NOTE
r-devel-linux-x86_64-fedora-clang 0.1.3 23.00 97.74 120.74 OK
r-devel-linux-x86_64-fedora-gcc 0.1.3 34.00 84.49 118.49 OK
r-devel-windows-x86_64 0.1.2 10.00 75.00 85.00 NOTE
r-patched-linux-x86_64 0.1.2 5.93 63.05 68.98 NOTE
r-release-linux-x86_64 0.1.2 5.11 62.99 68.10 NOTE
r-release-macos-arm64 0.1.2 OK
r-release-macos-x86_64 0.1.3 19.00 108.00 127.00 OK
r-release-windows-x86_64 0.1.2 9.00 76.00 85.00 NOTE
r-oldrel-macos-arm64 0.1.2 OK
r-oldrel-macos-x86_64 0.1.3 21.00 127.00 148.00 OK
r-oldrel-windows-x86_64 0.1.3 11.00 94.00 105.00 OK

Check Details

Version: 0.1.2
Check: CRAN incoming feasibility
Result: NOTE Maintainer: ‘Arne B. Gjuvsland <arne.gjuvsland@nmbu.no>’ No Authors@R field in DESCRIPTION. Please add one, modifying Authors@R: c(person(given = c("Arne", "B."), family = "Gjuvsland", role = c("aut", "cre"), email = "arne.gjuvsland@nmbu.no"), person(given = "Yunpeng", family = "Wang", role = "aut", email = "yunpeng.wng@gmail.com")) as necessary. Flavors: r-devel-linux-x86_64-debian-clang, r-devel-linux-x86_64-debian-gcc

Version: 0.1.2
Check: differences from ‘gpmap-Ex.Rout’ to ‘gpmap-Ex.Rout.save’
Result: NOTE 419,427d418 < Warning: `aes_string()` was deprecated in ggplot2 3.0.0. < ℹ Please use tidy evaluation idioms with `aes()`. < ℹ See also `vignette("ggplot2-in-packages")` for more information. < ℹ The deprecated feature was likely used in the gpmap package. < Please report the issue to the authors. < Warning: Using `size` aesthetic for lines was deprecated in ggplot2 3.4.0. < ℹ Please use `linewidth` instead. < ℹ The deprecated feature was likely used in the gpmap package. < Please report the issue to the authors. Flavors: r-devel-linux-x86_64-debian-clang, r-devel-linux-x86_64-debian-gcc, r-devel-windows-x86_64, r-patched-linux-x86_64, r-release-linux-x86_64, r-release-windows-x86_64

Version: 0.1.2
Check: tests
Result: NOTE Running ‘genotype_test.R’ [2s/2s] Comparing ‘genotype_test.Rout’ to ‘genotype_test.Rout.save’ ... OK Running ‘test_code_example.R’ [4s/5s] Comparing ‘test_code_example.Rout’ to ‘test_code_example.Rout.save’ ...27,36d26 < Warning messages: < 1: `aes_string()` was deprecated in ggplot2 3.0.0. < ℹ Please use tidy evaluation idioms with `aes()`. < ℹ See also `vignette("ggplot2-in-packages")` for more information. < ℹ The deprecated feature was likely used in the gpmap package. < Please report the issue to the authors. < 2: Using `size` aesthetic for lines was deprecated in ggplot2 3.4.0. < ℹ Please use `linewidth` instead. < ℹ The deprecated feature was likely used in the gpmap package. < Please report the issue to the authors. Flavors: r-devel-linux-x86_64-debian-clang, r-patched-linux-x86_64

Version: 0.1.2
Check: tests
Result: NOTE Running ‘genotype_test.R’ [1s/1s] Comparing ‘genotype_test.Rout’ to ‘genotype_test.Rout.save’ ... OK Running ‘test_code_example.R’ [3s/3s] Comparing ‘test_code_example.Rout’ to ‘test_code_example.Rout.save’ ...27,36d26 < Warning messages: < 1: `aes_string()` was deprecated in ggplot2 3.0.0. < ℹ Please use tidy evaluation idioms with `aes()`. < ℹ See also `vignette("ggplot2-in-packages")` for more information. < ℹ The deprecated feature was likely used in the gpmap package. < Please report the issue to the authors. < 2: Using `size` aesthetic for lines was deprecated in ggplot2 3.4.0. < ℹ Please use `linewidth` instead. < ℹ The deprecated feature was likely used in the gpmap package. < Please report the issue to the authors. Flavor: r-devel-linux-x86_64-debian-gcc

Version: 0.1.2
Check: tests
Result: NOTE Running 'genotype_test.R' [2s] Comparing 'genotype_test.Rout' to 'genotype_test.Rout.save' ... OK Running 'test_code_example.R' [3s] Comparing 'test_code_example.Rout' to 'test_code_example.Rout.save' ...27,36d26 < Warning messages: < 1: `aes_string()` was deprecated in ggplot2 3.0.0. < ℹ Please use tidy evaluation idioms with `aes()`. < ℹ See also `vignette("ggplot2-in-packages")` for more information. < ℹ The deprecated feature was likely used in the gpmap package. < Please report the issue to the authors. < 2: Using `size` aesthetic for lines was deprecated in ggplot2 3.4.0. < ℹ Please use `linewidth` instead. < ℹ The deprecated feature was likely used in the gpmap package. < Please report the issue to the authors. Flavors: r-devel-windows-x86_64, r-release-windows-x86_64

Version: 0.1.2
Check: tests
Result: NOTE Running ‘genotype_test.R’ [2s/2s] Comparing ‘genotype_test.Rout’ to ‘genotype_test.Rout.save’ ... OK Running ‘test_code_example.R’ [4s/4s] Comparing ‘test_code_example.Rout’ to ‘test_code_example.Rout.save’ ...27,36d26 < Warning messages: < 1: `aes_string()` was deprecated in ggplot2 3.0.0. < ℹ Please use tidy evaluation idioms with `aes()`. < ℹ See also `vignette("ggplot2-in-packages")` for more information. < ℹ The deprecated feature was likely used in the gpmap package. < Please report the issue to the authors. < 2: Using `size` aesthetic for lines was deprecated in ggplot2 3.4.0. < ℹ Please use `linewidth` instead. < ℹ The deprecated feature was likely used in the gpmap package. < Please report the issue to the authors. Flavor: r-release-linux-x86_64