CRAN Package Check Results for Package glmmfields

Last updated on 2025-07-21 20:50:03 CEST.

Flavor Version Tinstall Tcheck Ttotal Status Flags
r-devel-linux-x86_64-debian-clang 0.1.8 230.02 150.57 380.59 OK
r-devel-linux-x86_64-debian-gcc 0.1.8 181.70 121.90 303.60 OK
r-devel-linux-x86_64-fedora-clang 0.1.8 544.59 OK
r-devel-linux-x86_64-fedora-gcc 0.1.8 693.19 OK
r-devel-windows-x86_64 0.1.8 217.00 191.00 408.00 OK
r-patched-linux-x86_64 0.1.8 237.03 160.61 397.64 OK
r-release-linux-x86_64 0.1.8 223.83 161.46 385.29 OK
r-release-macos-arm64 0.1.8 143.00 OK
r-release-macos-x86_64 0.1.8 355.00 OK
r-release-windows-x86_64 0.1.8 222.00 180.00 402.00 OK
r-oldrel-macos-arm64 0.1.8 83.00 NOTE
r-oldrel-macos-x86_64 0.1.8 154.00 NOTE
r-oldrel-windows-x86_64 0.1.8 256.00 232.00 488.00 NOTE

Check Details

Version: 0.1.8
Check: installed package size
Result: NOTE installed size is 93.0Mb sub-directories of 1Mb or more: libs 92.3Mb Flavors: r-oldrel-macos-arm64, r-oldrel-macos-x86_64

Version: 0.1.8
Check: for GNU extensions in Makefiles
Result: NOTE GNU make is a SystemRequirements. Flavors: r-oldrel-macos-arm64, r-oldrel-macos-x86_64, r-oldrel-windows-x86_64