Last updated on 2025-11-04 07:49:55 CET.
| Flavor | Version | Tinstall | Tcheck | Ttotal | Status | Flags | 
|---|---|---|---|---|---|---|
| r-devel-linux-x86_64-debian-clang | 1.0.1 | 5.50 | 56.11 | 61.61 | OK | |
| r-devel-linux-x86_64-debian-gcc | 1.0.1 | 3.74 | 43.18 | 46.92 | OK | |
| r-devel-linux-x86_64-fedora-clang | 1.0.1 | 24.00 | 75.72 | 99.72 | OK | |
| r-devel-linux-x86_64-fedora-gcc | 1.0.1 | 23.00 | 69.31 | 92.31 | OK | |
| r-devel-windows-x86_64 | 1.0.1 | 8.00 | 64.00 | 72.00 | OK | |
| r-patched-linux-x86_64 | 1.0.1 | 4.72 | 53.87 | 58.59 | OK | |
| r-release-linux-x86_64 | 1.0.1 | 4.66 | 53.94 | 58.60 | OK | |
| r-release-macos-arm64 | 1.0.1 | 3.00 | 26.00 | 29.00 | OK | |
| r-release-macos-x86_64 | 1.0.1 | 5.00 | 40.00 | 45.00 | OK | |
| r-release-windows-x86_64 | 1.0.1 | 8.00 | 64.00 | 72.00 | OK | |
| r-oldrel-macos-arm64 | 1.0.1 | 3.00 | 22.00 | 25.00 | NOTE | |
| r-oldrel-macos-x86_64 | 1.0.1 | 4.00 | 32.00 | 36.00 | NOTE | |
| r-oldrel-windows-x86_64 | 1.0.1 | 9.00 | 81.00 | 90.00 | NOTE | 
Version: 1.0.1
Check: LazyData
Result: NOTE
    'LazyData' is specified without a 'data' directory
Flavors: r-oldrel-macos-arm64, r-oldrel-macos-x86_64, r-oldrel-windows-x86_64