CRAN Package Check Results for Package ggbuildr

Last updated on 2025-10-09 20:50:16 CEST.

Flavor Version Tinstall Tcheck Ttotal Status Flags
r-devel-linux-x86_64-debian-clang 0.1.0 5.11 57.84 62.95 NOTE
r-devel-linux-x86_64-debian-gcc 0.1.0 3.79 41.97 45.76 NOTE
r-devel-linux-x86_64-fedora-clang 0.1.0 93.73 OK
r-devel-linux-x86_64-fedora-gcc 0.1.0 87.33 OK
r-devel-windows-x86_64 0.1.0 8.00 72.00 80.00 OK
r-patched-linux-x86_64 0.1.0 5.06 52.41 57.47 OK
r-release-linux-x86_64 0.1.0 5.11 52.52 57.63 OK
r-release-macos-arm64 0.1.0 31.00 OK
r-release-macos-x86_64 0.1.0 44.00 OK
r-release-windows-x86_64 0.1.0 10.00 73.00 83.00 OK
r-oldrel-macos-arm64 0.1.0 26.00 NOTE
r-oldrel-macos-x86_64 0.1.0 37.00 NOTE
r-oldrel-windows-x86_64 0.1.0 11.00 86.00 97.00 NOTE

Check Details

Version: 0.1.0
Check: CRAN incoming feasibility
Result: NOTE Maintainer: ‘Jongbin Jung <me@jongbin.com>’ No Authors@R field in DESCRIPTION. Please add one, modifying Authors@R: person(given = "Jongbin", family = "Jung", role = c("aut", "cre"), email = "me@jongbin.com") as necessary. Flavors: r-devel-linux-x86_64-debian-clang, r-devel-linux-x86_64-debian-gcc

Version: 0.1.0
Check: LazyData
Result: NOTE 'LazyData' is specified without a 'data' directory Flavors: r-oldrel-macos-arm64, r-oldrel-macos-x86_64, r-oldrel-windows-x86_64