Last updated on 2025-07-22 08:48:32 CEST.
Flavor | Version | Tinstall | Tcheck | Ttotal | Status | Flags |
---|---|---|---|---|---|---|
r-devel-linux-x86_64-debian-clang | 2.1.5 | 7.87 | 35.58 | 43.45 | OK | |
r-devel-linux-x86_64-debian-gcc | 2.1.5 | 6.67 | 27.77 | 34.44 | OK | |
r-devel-linux-x86_64-fedora-clang | 2.1.5 | 68.06 | OK | |||
r-devel-linux-x86_64-fedora-gcc | 2.1.5 | 78.25 | OK | |||
r-devel-windows-x86_64 | 2.1.5 | 24.00 | 127.00 | 151.00 | OK | |
r-patched-linux-x86_64 | 2.1.5 | 8.14 | 33.72 | 41.86 | OK | |
r-release-linux-x86_64 | 2.1.5 | 6.99 | 33.93 | 40.92 | OK | |
r-release-macos-arm64 | 2.1.5 | 44.00 | OK | |||
r-release-macos-x86_64 | 2.1.5 | 79.00 | OK | |||
r-release-windows-x86_64 | 2.1.5 | 25.00 | 130.00 | 155.00 | OK | |
r-oldrel-macos-arm64 | 2.1.5 | 39.00 | NOTE | |||
r-oldrel-macos-x86_64 | 2.1.5 | 119.00 | NOTE | |||
r-oldrel-windows-x86_64 | 2.1.5 | 27.00 | 158.00 | 185.00 | NOTE |
Version: 2.1.5
Check: installed package size
Result: NOTE
installed size is 6.9Mb
sub-directories of 1Mb or more:
libs 6.5Mb
Flavors: r-oldrel-macos-arm64, r-oldrel-macos-x86_64, r-oldrel-windows-x86_64