Last updated on 2025-07-22 08:48:32 CEST.
Flavor | Version | Tinstall | Tcheck | Ttotal | Status | Flags |
---|---|---|---|---|---|---|
r-devel-linux-x86_64-debian-clang | 0.2.2 | 8.06 | 80.43 | 88.49 | NOTE | |
r-devel-linux-x86_64-debian-gcc | 0.2.2 | 5.50 | 59.59 | 65.09 | NOTE | |
r-devel-linux-x86_64-fedora-clang | 0.2.2 | 132.99 | OK | |||
r-devel-linux-x86_64-fedora-gcc | 0.2.2 | 127.35 | OK | |||
r-devel-windows-x86_64 | 0.2.2 | 11.00 | 94.00 | 105.00 | OK | |
r-patched-linux-x86_64 | 0.2.2 | 7.72 | 76.80 | 84.52 | OK | |
r-release-linux-x86_64 | 0.2.2 | 7.79 | 76.77 | 84.56 | OK | |
r-release-macos-arm64 | 0.2.2 | 46.00 | OK | |||
r-release-macos-x86_64 | 0.2.2 | 76.00 | OK | |||
r-release-windows-x86_64 | 0.2.2 | 12.00 | 100.00 | 112.00 | OK | |
r-oldrel-macos-arm64 | 0.2.2 | 39.00 | OK | |||
r-oldrel-macos-x86_64 | 0.2.2 | 58.00 | OK | |||
r-oldrel-windows-x86_64 | 0.2.2 | 13.00 | 120.00 | 133.00 | OK |
Version: 0.2.2
Check: CRAN incoming feasibility
Result: NOTE
Maintainer: ‘Anja Kleebaum <kleebaum@informatik.uni-heidelberg.de>’
No Authors@R field in DESCRIPTION.
Please add one, modifying
Authors@R: person(given = "Anja",
family = "Kleebaum",
role = c("aut", "cre"),
email = "kleebaum@informatik.uni-heidelberg.de")
as necessary.
Flavors: r-devel-linux-x86_64-debian-clang, r-devel-linux-x86_64-debian-gcc