Last updated on 2025-10-29 18:51:22 CET.
| Flavor | Version | Tinstall | Tcheck | Ttotal | Status | Flags | 
|---|---|---|---|---|---|---|
| r-devel-linux-x86_64-debian-clang | 1.0.0 | 3.01 | 58.73 | 61.74 | NOTE | |
| r-devel-linux-x86_64-debian-gcc | 1.0.0 | 2.21 | 38.77 | 40.98 | NOTE | |
| r-devel-linux-x86_64-fedora-clang | 1.0.0 | 13.00 | 88.30 | 101.30 | NOTE | |
| r-devel-linux-x86_64-fedora-gcc | 1.0.0 | 88.04 | NOTE | |||
| r-devel-windows-x86_64 | 1.0.0 | 3.00 | 68.00 | 71.00 | NOTE | |
| r-patched-linux-x86_64 | 1.0.0 | 2.73 | 54.75 | 57.48 | NOTE | |
| r-release-linux-x86_64 | 1.0.0 | 3.03 | 54.76 | 57.79 | NOTE | |
| r-release-macos-arm64 | 1.0.0 | 2.00 | 28.00 | 30.00 | NOTE | |
| r-release-macos-x86_64 | 1.0.0 | 3.00 | 69.00 | 72.00 | NOTE | |
| r-release-windows-x86_64 | 1.0.0 | 3.00 | 69.00 | 72.00 | NOTE | |
| r-oldrel-macos-arm64 | 1.0.0 | 2.00 | 25.00 | 27.00 | NOTE | |
| r-oldrel-macos-x86_64 | 1.0.0 | 3.00 | 47.00 | 50.00 | NOTE | |
| r-oldrel-windows-x86_64 | 1.0.0 | 5.00 | 83.00 | 88.00 | NOTE | 
Version: 1.0.0
Check: Rd files
Result: NOTE
  checkRd: (-1) GCTF.Rd:56: Lost braces; missing escapes or markup?
      56 |   U : A matrix which has N-rows and J-columns (J < {N, M}).
         |                                                    ^
  checkRd: (-1) GCTF.Rd:57: Lost braces; missing escapes or markup?
      57 |   V : A matrix which has M-rows and J-columns (J < {N, M}).
         |                                                    ^
  checkRd: (-1) GCTF.Rd:58: Lost braces; missing escapes or markup?
      58 |   J : The number of dimension (J < {N, M}).
         |                                    ^
Flavors: r-devel-linux-x86_64-debian-clang, r-devel-linux-x86_64-debian-gcc, r-devel-linux-x86_64-fedora-clang, r-devel-linux-x86_64-fedora-gcc, r-devel-windows-x86_64, r-patched-linux-x86_64, r-release-linux-x86_64, r-release-macos-arm64, r-release-macos-x86_64, r-release-windows-x86_64, r-oldrel-macos-arm64, r-oldrel-macos-x86_64, r-oldrel-windows-x86_64