Last updated on 2025-07-22 08:48:32 CEST.
Flavor | Version | Tinstall | Tcheck | Ttotal | Status | Flags |
---|---|---|---|---|---|---|
r-devel-linux-x86_64-debian-clang | 0.7.0 | 459.82 | 168.22 | 628.04 | OK | |
r-devel-linux-x86_64-debian-gcc | 0.7.0 | 412.36 | 161.02 | 573.38 | OK | |
r-devel-linux-x86_64-fedora-clang | 0.7.0 | 961.54 | OK | |||
r-devel-linux-x86_64-fedora-gcc | 0.7.0 | 1283.85 | OK | |||
r-devel-windows-x86_64 | 0.7.0 | 510.00 | 234.00 | 744.00 | OK | |
r-patched-linux-x86_64 | 0.7.0 | 561.34 | 213.10 | 774.44 | OK | |
r-release-linux-x86_64 | 0.7.0 | 535.98 | 212.60 | 748.58 | OK | |
r-release-macos-arm64 | 0.7.0 | 268.00 | OK | |||
r-release-macos-x86_64 | 0.7.0 | 304.00 | OK | |||
r-release-windows-x86_64 | 0.7.0 | 493.00 | 237.00 | 730.00 | OK | |
r-oldrel-macos-arm64 | 0.7.0 | 147.00 | NOTE | |||
r-oldrel-macos-x86_64 | 0.7.0 | 156.00 | NOTE | |||
r-oldrel-windows-x86_64 | 0.7.0 | 573.00 | 302.00 | 875.00 | OK |
Version: 0.7.0
Check: installed package size
Result: NOTE
installed size is 112.1Mb
sub-directories of 1Mb or more:
libs 111.6Mb
Flavors: r-oldrel-macos-arm64, r-oldrel-macos-x86_64
Version: 0.7.0
Check: for GNU extensions in Makefiles
Result: NOTE
GNU make is a SystemRequirements.
Flavors: r-oldrel-macos-arm64, r-oldrel-macos-x86_64