CRAN Package Check Results for Package ganDataModel

Last updated on 2025-07-26 08:49:20 CEST.

Flavor Version Tinstall Tcheck Ttotal Status Flags
r-devel-linux-x86_64-debian-clang 1.1.7 50.76 60.63 111.39 NOTE
r-devel-linux-x86_64-debian-gcc 1.1.7 43.07 47.09 90.16 NOTE
r-devel-linux-x86_64-fedora-clang 1.1.7 174.95 OK
r-devel-linux-x86_64-fedora-gcc 1.1.7 203.48 OK
r-devel-windows-x86_64 1.1.7 64.00 114.00 178.00 OK
r-patched-linux-x86_64 1.1.7 58.90 58.09 116.99 OK
r-release-linux-x86_64 1.1.7 57.91 58.46 116.37 OK
r-release-macos-arm64 1.1.7 66.00 OK
r-release-macos-x86_64 1.1.7 126.00 OK
r-release-windows-x86_64 1.1.7 61.00 122.00 183.00 OK
r-oldrel-macos-arm64 1.1.7 53.00 NOTE
r-oldrel-macos-x86_64 1.1.7 152.00 OK
r-oldrel-windows-x86_64 1.1.7 75.00 124.00 199.00 OK

Check Details

Version: 1.1.7
Check: CRAN incoming feasibility
Result: NOTE Maintainer: ‘Werner Mueller <werner.mueller5@chello.at>’ No Authors@R field in DESCRIPTION. Please add one, modifying Authors@R: person(given = "Werner", family = "Mueller", role = c("aut", "cre"), email = "werner.mueller5@chello.at") as necessary. Flavors: r-devel-linux-x86_64-debian-clang, r-devel-linux-x86_64-debian-gcc

Version: 1.1.7
Check: installed package size
Result: NOTE installed size is 5.1Mb sub-directories of 1Mb or more: libs 4.5Mb Flavor: r-oldrel-macos-arm64