Last updated on 2025-07-21 20:50:02 CEST.
Flavor | Version | Tinstall | Tcheck | Ttotal | Status | Flags |
---|---|---|---|---|---|---|
r-devel-linux-x86_64-debian-clang | 0.3.0 | 7.57 | 61.71 | 69.28 | OK | |
r-devel-linux-x86_64-debian-gcc | 0.4.0 | 4.80 | 42.71 | 47.51 | OK | |
r-devel-linux-x86_64-fedora-clang | 0.4.0 | 107.55 | OK | |||
r-devel-linux-x86_64-fedora-gcc | 0.4.0 | 113.21 | OK | |||
r-devel-windows-x86_64 | 0.3.0 | 10.00 | 71.00 | 81.00 | OK | |
r-patched-linux-x86_64 | 0.3.0 | 6.32 | 56.00 | 62.32 | OK | |
r-release-linux-x86_64 | 0.3.0 | 5.29 | 56.01 | 61.30 | OK | |
r-release-macos-arm64 | 0.3.0 | 35.00 | OK | |||
r-release-macos-x86_64 | 0.4.0 | 68.00 | OK | |||
r-release-windows-x86_64 | 0.4.0 | 11.00 | 77.00 | 88.00 | OK | |
r-oldrel-macos-arm64 | 0.3.0 | 39.00 | NOTE | |||
r-oldrel-macos-x86_64 | 0.4.0 | 70.00 | NOTE | |||
r-oldrel-windows-x86_64 | 0.4.0 | 12.00 | 88.00 | 100.00 | NOTE |
Version: 0.3.0
Check: installed package size
Result: NOTE
installed size is 7.6Mb
sub-directories of 1Mb or more:
extdata 7.2Mb
Flavor: r-oldrel-macos-arm64
Version: 0.4.0
Check: installed package size
Result: NOTE
installed size is 7.6Mb
sub-directories of 1Mb or more:
extdata 7.2Mb
Flavors: r-oldrel-macos-x86_64, r-oldrel-windows-x86_64