Last updated on 2025-10-30 18:49:52 CET.
| Flavor | Version | Tinstall | Tcheck | Ttotal | Status | Flags | 
|---|---|---|---|---|---|---|
| r-devel-linux-x86_64-debian-clang | 1.0.0 | 3.21 | 24.94 | 28.15 | NOTE | |
| r-devel-linux-x86_64-debian-gcc | 1.0.0 | 2.42 | 19.18 | 21.60 | NOTE | |
| r-devel-linux-x86_64-fedora-clang | 1.0.0 | 15.00 | 29.65 | 44.65 | OK | |
| r-devel-linux-x86_64-fedora-gcc | 1.0.0 | 15.00 | 26.89 | 41.89 | OK | |
| r-devel-windows-x86_64 | 1.0.0 | 5.00 | 43.00 | 48.00 | OK | |
| r-patched-linux-x86_64 | 1.0.0 | 3.29 | 23.37 | 26.66 | OK | |
| r-release-linux-x86_64 | 1.0.0 | 3.45 | 23.83 | 27.28 | OK | |
| r-release-macos-arm64 | 1.0.0 | 2.00 | 18.00 | 20.00 | OK | |
| r-release-macos-x86_64 | 1.0.0 | 3.00 | 26.00 | 29.00 | OK | |
| r-release-windows-x86_64 | 1.0.0 | 5.00 | 46.00 | 51.00 | OK | |
| r-oldrel-macos-arm64 | 1.0.0 | 2.00 | 16.00 | 18.00 | OK | |
| r-oldrel-macos-x86_64 | 1.0.0 | 5.00 | 29.00 | 34.00 | OK | |
| r-oldrel-windows-x86_64 | 1.0.0 | 6.00 | 48.00 | 54.00 | OK | 
Version: 1.0.0
Check: CRAN incoming feasibility
Result: NOTE
  Maintainer: ‘Jean-Baptiste Ferdy <jean-baptiste.ferdy@univ-tlse3.fr>’
  
  No Authors@R field in DESCRIPTION.
  Please add one, modifying
    Authors@R: person(given = "Jean-Baptiste",
                      family = "Ferdy",
                      role = c("aut", "cre"),
                      email = "jean-baptiste.ferdy@univ-tlse3.fr")
  as necessary.
Flavors: r-devel-linux-x86_64-debian-clang, r-devel-linux-x86_64-debian-gcc