Last updated on 2025-07-22 08:48:31 CEST.
Flavor | Version | Tinstall | Tcheck | Ttotal | Status | Flags |
---|---|---|---|---|---|---|
r-devel-linux-x86_64-debian-clang | 1.0 | 8.77 | 77.05 | 85.82 | NOTE | |
r-devel-linux-x86_64-debian-gcc | 1.0 | 6.84 | 54.69 | 61.53 | NOTE | |
r-devel-linux-x86_64-fedora-clang | 1.0 | 126.29 | OK | |||
r-devel-linux-x86_64-fedora-gcc | 1.0 | 122.14 | OK | |||
r-devel-windows-x86_64 | 1.0 | 9.00 | 79.00 | 88.00 | NOTE | |
r-patched-linux-x86_64 | 1.0 | 9.23 | 70.19 | 79.42 | NOTE | |
r-release-linux-x86_64 | 1.0 | 7.33 | 70.44 | 77.77 | NOTE | |
r-release-macos-arm64 | 1.0 | 40.00 | OK | |||
r-release-macos-x86_64 | 1.0 | 77.00 | OK | |||
r-release-windows-x86_64 | 1.0 | 9.00 | 82.00 | 91.00 | NOTE | |
r-oldrel-macos-arm64 | 1.0 | 35.00 | OK | |||
r-oldrel-macos-x86_64 | 1.0 | 55.00 | OK | |||
r-oldrel-windows-x86_64 | 1.0 | 13.00 | 101.00 | 114.00 | OK |
Version: 1.0
Check: Rd cross-references
Result: NOTE
Found the following Rd file(s) with Rd \link{} targets missing package
anchors:
fpAnova.Rd: anovaBF
Please provide package anchors for all Rd \link{} targets not in the
package itself and the base packages.
Flavors: r-devel-linux-x86_64-debian-clang, r-devel-linux-x86_64-debian-gcc, r-devel-windows-x86_64, r-patched-linux-x86_64, r-release-linux-x86_64, r-release-windows-x86_64