Last updated on 2025-07-22 19:51:48 CEST.
Flavor | Version | Tinstall | Tcheck | Ttotal | Status | Flags |
---|---|---|---|---|---|---|
r-devel-linux-x86_64-debian-clang | 1.2-4 | 17.46 | 497.54 | 515.00 | OK | |
r-devel-linux-x86_64-debian-gcc | 1.2-4 | 11.78 | 342.61 | 354.39 | ERROR | |
r-devel-linux-x86_64-fedora-clang | 1.2-4 | 793.45 | OK | |||
r-devel-linux-x86_64-fedora-gcc | 1.2-4 | 874.79 | OK | |||
r-devel-windows-x86_64 | 1.2-4 | 19.00 | 534.00 | 553.00 | OK | |
r-patched-linux-x86_64 | 1.2-4 | 16.86 | 475.41 | 492.27 | OK | |
r-release-linux-x86_64 | 1.2-4 | 17.22 | 476.21 | 493.43 | OK | |
r-release-macos-arm64 | 1.2-4 | 270.00 | OK | |||
r-release-macos-x86_64 | 1.2-4 | 491.00 | OK | |||
r-release-windows-x86_64 | 1.2-4 | 19.00 | 534.00 | 553.00 | OK | |
r-oldrel-macos-arm64 | 1.2-4 | 257.00 | OK | |||
r-oldrel-macos-x86_64 | 1.2-4 | 519.00 | OK | |||
r-oldrel-windows-x86_64 | 1.2-4 | 26.00 | 712.00 | 738.00 | OK |
Version: 1.2-4
Check: tests
Result: ERROR
Running ‘t-CIcdfplot.R’ [12s/17s]
Running ‘t-Surv2fitdistcens.R’ [2s/2s]
Running ‘t-bootdist.R’ [5s/7s]
Running ‘t-bootdistcens.R’ [2s/3s]
Running ‘t-cdfcomp.R’ [3s/4s]
Running ‘t-cdfcompcens.R’ [4s/5s]
Running ‘t-cvg-algo.R’ [0s/0s]
Running ‘t-denscomp.R’ [3s/4s]
Running ‘t-descdist.R’ [2s/2s]
Running ‘t-detectbound.R’ [2s/2s]
Running ‘t-fitbench.R’ [0s/0s]
Running ‘t-fitdist-burr.R’ [9s/13s]
Running ‘t-fitdist-customoptim.R’ [2s/2s]
Running ‘t-fitdist-hessianpb.R’ [2s/3s]
Running ‘t-fitdist-test-arguments.R’ [2s/2s]
Running ‘t-fitdist.R’ [2s/3s]
Running ‘t-fitdistcens.R’ [3s/4s]
Running ‘t-gen-max-spacing-estim.R’ [2s/3s]
Running ‘t-getparam.R’ [1s/2s]
Running ‘t-gofstat.R’ [2s/2s]
Running ‘t-init-actuar.R’ [0s/0s]
Running ‘t-llplot.R’ [2s/3s]
Running ‘t-lnL-surf.R’ [2s/3s]
Running ‘t-logLik-vcov-coef.R’ [2s/2s]
Running ‘t-manageparam.R’ [2s/2s]
Running ‘t-mgedist.R’ [2s/3s]
Running ‘t-mledist-asymptotic-vcov.R’ [2s/2s]
Running ‘t-mledist-cens.R’ [2s/2s]
Running ‘t-mledist-cvg-NelderMead.R’ [0s/0s]
Running ‘t-mledist-nocens.R’ [2s/2s]
Running ‘t-mledist-paramsupport.R’ [3s/5s]
Running ‘t-mmedist-asymptotic-vcov.R’ [2s/2s]
Running ‘t-mmedist.R’ [3s/3s]
Running ‘t-msedist.R’ [2s/3s]
Running ‘t-parallel.R’ [0s/0s]
Running ‘t-plotdist.R’ [2s/2s]
Running ‘t-plotdistcens.R’ [2s/2s]
Running ‘t-ppcomp.R’ [3s/4s]
Running ‘t-ppcompcens.R’ [3s/4s]
Running ‘t-prefit.R’ [2s/2s]
Running ‘t-qme-discrete.R’ [5s/7s]
Running ‘t-qmedist-cvg-NelderMead.R’ [0s/0s]
Running ‘t-qmedist.R’ [4s/5s]
Running ‘t-qqcomp.R’ [4s/4s]
Running ‘t-qqcompcens.R’ [3s/4s]
Running ‘t-quantiledist.R’ [2s/2s]
Running ‘t-startfixarg-overall.R’ [3s/3s]
Running ‘t-starting-value-scale-rate.R’ [2s/2s]
Running ‘t-startingvalues-fellerpareto-family.R’ [3s/3s]
Running ‘t-startingvalues-inv-family.R’ [8s/9s]
Running ‘t-startingvalues-invBurr-family.R’ [3s/3s]
Running ‘t-startingvalues-invtrgamma-family.R’ [2s/2s]
Running ‘t-startingvalues-othercont-family.R’ [3s/4s]
Running ‘t-startingvalues-trgamma-family.R’ [2s/2s]
Running ‘t-startingvalues-zeromod-family.R’ [2s/3s]
Running ‘t-startingvalues-zerotrunc-family.R’ [2s/2s]
Running ‘t-startingvalues.R’ [2s/2s]
Running ‘t-util-mmedist-vcov.R’ [1s/2s]
Running ‘t-util-npmle.R’ [2s/2s]
Running ‘t-util-npsurv-mainfunction.R’ [2s/2s]
Running ‘t-util-testdensity.R’ [2s/2s]
Running ‘t-weird-ppcomp-cens.R’ [2s/3s]
Running ‘t-weird-qqcomp-cens.R’ [1s/2s]
Running the tests in ‘tests/t-startingvalues-invBurr-family.R’ failed.
Complete output:
>
> require(actuar)
Loading required package: actuar
Attaching package: 'actuar'
The following objects are masked from 'package:stats':
sd, var
The following object is masked from 'package:grDevices':
cm
> require(fitdistrplus)
Loading required package: fitdistrplus
Loading required package: MASS
Loading required package: survival
> n <- 1e4
>
> truescale <- 100
> trueshape1 <- pi
>
> if(FALSE)
+ {
+ plot(ecdf(rburr(n, trueshape1, 2, scale=truescale)))
+ lines(ecdf(1/rinvburr(n, trueshape1, 2, scale=1/truescale)), col="red")
+
+ curve(pburr(x, trueshape1, 2, scale=truescale), from=0, to=5*truescale)
+ curve(pinvburr(1/x, trueshape1, 2, scale=1/truescale, lower=FALSE), add=TRUE, col="red")
+ }
>
> z <- rburr(n, trueshape1, 2, scale=truescale)
> y <- 1/z
> fit_y_IB <- fitdist(y, "invburr")
> mytitle <- paste("fitted Inv. Burr", paste(signif(coef(fit_y_IB), 3), collapse= ", "))
> myleg <- paste("theo. Inv. Burr", paste(signif(c(trueshape1, 2, 1/truescale), 3), collapse= ", "))
> cdfcomp(fit_y_IB, xlogscale = TRUE, do.points = FALSE, addlegend = FALSE, main=mytitle)
> curve(pinvburr(x, trueshape1, 2, scale=1/truescale), add=TRUE, col="green")
> legend("topleft", lty=1, col=c("black", "red", "green"),
+ c("empirical", "fitted", myleg))
>
>
> y <- rinvburr(n, trueshape1, 2, scale=1/truescale)
> fit_y_IB <- fitdist(y, "invburr")
Error in fitdist(y, "invburr") :
the function mle failed to estimate the parameters,
with the error code 1
Execution halted
Flavor: r-devel-linux-x86_64-debian-gcc