Last updated on 2025-10-10 08:50:07 CEST.
Flavor | Version | Tinstall | Tcheck | Ttotal | Status | Flags |
---|---|---|---|---|---|---|
r-devel-linux-x86_64-debian-clang | 2.0.1 | 4.92 | 40.85 | 45.77 | OK | |
r-devel-linux-x86_64-debian-gcc | 2.0.1 | 3.58 | 29.98 | 33.56 | OK | |
r-devel-linux-x86_64-fedora-clang | 2.0.1 | 68.99 | NOTE | |||
r-devel-linux-x86_64-fedora-gcc | 2.0.1 | 64.39 | NOTE | |||
r-devel-windows-x86_64 | 2.0.1 | 6.00 | 56.00 | 62.00 | OK | |
r-patched-linux-x86_64 | 2.0.1 | 3.60 | 36.76 | 40.36 | OK | |
r-release-linux-x86_64 | 2.0.1 | 4.64 | 37.09 | 41.73 | OK | |
r-release-macos-arm64 | 2.0.1 | 22.00 | OK | |||
r-release-macos-x86_64 | 2.0.1 | 37.00 | OK | |||
r-release-windows-x86_64 | 2.0.1 | 8.00 | 56.00 | 64.00 | OK | |
r-oldrel-macos-arm64 | 2.0.1 | 27.00 | OK | |||
r-oldrel-macos-x86_64 | 2.0.1 | 40.00 | OK | |||
r-oldrel-windows-x86_64 | 2.0.1 | 9.00 | 64.00 | 73.00 | OK |
Version: 2.0.1
Check: dependencies in R code
Result: NOTE
Namespace in Imports field not imported from: ‘glue’
All declared Imports should be used.
Flavors: r-devel-linux-x86_64-fedora-clang, r-devel-linux-x86_64-fedora-gcc