Last updated on 2025-10-30 18:49:52 CET.
| Flavor | Version | Tinstall | Tcheck | Ttotal | Status | Flags | 
|---|---|---|---|---|---|---|
| r-devel-linux-x86_64-debian-clang | 2.1.1 | 11.57 | 111.27 | 122.84 | NOTE | |
| r-devel-linux-x86_64-debian-gcc | 2.1.1 | 7.98 | 79.50 | 87.48 | NOTE | |
| r-devel-linux-x86_64-fedora-clang | 2.1.1 | 34.00 | 163.43 | 197.43 | NOTE | |
| r-devel-linux-x86_64-fedora-gcc | 2.1.1 | 25.00 | 159.57 | 184.57 | NOTE | |
| r-devel-windows-x86_64 | 2.1.1 | 12.00 | 137.00 | 149.00 | NOTE | |
| r-patched-linux-x86_64 | 2.1.1 | 10.87 | 109.61 | 120.48 | NOTE | |
| r-release-linux-x86_64 | 2.1.1 | 9.27 | 108.35 | 117.62 | NOTE | |
| r-release-macos-arm64 | 2.1.1 | 5.00 | 47.00 | 52.00 | NOTE | |
| r-release-macos-x86_64 | 2.1.1 | 9.00 | 95.00 | 104.00 | NOTE | |
| r-release-windows-x86_64 | 2.1.1 | 14.00 | 140.00 | 154.00 | NOTE | |
| r-oldrel-macos-arm64 | 2.1.1 | 5.00 | 48.00 | 53.00 | NOTE | |
| r-oldrel-macos-x86_64 | 2.1.1 | 13.00 | 81.00 | 94.00 | NOTE | |
| r-oldrel-windows-x86_64 | 2.1.1 | 16.00 | 155.00 | 171.00 | NOTE | 
Version: 2.1.1
Check: CRAN incoming feasibility
Result: NOTE
  Maintainer: ‘Alessia Pini <alessia.pini@polimi.it>’
  
  No Authors@R field in DESCRIPTION.
  Please add one, modifying
    Authors@R: c(person(given = "Alessia",
                        family = "Pini",
                        role = c("aut", "cre"),
                        email = "alessia.pini@polimi.it"),
                 person(given = "Simone",
                        family = "Vantini",
                        role = "aut"))
  as necessary.
Flavors: r-devel-linux-x86_64-debian-clang, r-devel-linux-x86_64-debian-gcc
Version: 2.1.1
Check: Rd files
Result: NOTE
  checkRd: (-1) NASAtemp.Rd:14: Lost braces in \itemize; meant \describe ?
  checkRd: (-1) NASAtemp.Rd:15: Lost braces in \itemize; meant \describe ?
Flavors: r-devel-linux-x86_64-debian-clang, r-devel-linux-x86_64-debian-gcc, r-devel-linux-x86_64-fedora-clang, r-devel-linux-x86_64-fedora-gcc, r-devel-windows-x86_64, r-patched-linux-x86_64, r-release-linux-x86_64, r-release-macos-arm64, r-release-macos-x86_64, r-release-windows-x86_64, r-oldrel-macos-arm64, r-oldrel-macos-x86_64, r-oldrel-windows-x86_64