CRAN Package Check Results for Package fastrep

Last updated on 2025-09-30 20:50:37 CEST.

Flavor Version Tinstall Tcheck Ttotal Status Flags
r-devel-linux-x86_64-debian-clang 0.7 3.62 45.66 49.28 OK
r-devel-linux-x86_64-debian-gcc 0.7 3.01 34.35 37.36 OK
r-devel-linux-x86_64-fedora-clang 0.7 75.46 NOTE
r-devel-linux-x86_64-fedora-gcc 0.7 86.91 NOTE
r-devel-windows-x86_64 0.7 7.00 63.00 70.00 OK
r-patched-linux-x86_64 0.7 4.00 42.45 46.45 OK
r-release-linux-x86_64 0.7 3.98 41.87 45.85 OK
r-release-macos-arm64 0.7 31.00 OK
r-release-macos-x86_64 0.7 61.00 OK
r-release-windows-x86_64 0.7 5.00 63.00 68.00 OK
r-oldrel-macos-arm64 0.7 30.00 OK
r-oldrel-macos-x86_64 0.7 48.00 OK
r-oldrel-windows-x86_64 0.7 7.00 72.00 79.00 OK

Check Details

Version: 0.7
Check: dependencies in R code
Result: NOTE Namespace in Imports field not imported from: ‘ggplot2’ All declared Imports should be used. Flavors: r-devel-linux-x86_64-fedora-clang, r-devel-linux-x86_64-fedora-gcc