Last updated on 2025-10-09 20:50:14 CEST.
Flavor | Version | Tinstall | Tcheck | Ttotal | Status | Flags |
---|---|---|---|---|---|---|
r-devel-linux-x86_64-debian-clang | 1.0.7 | 11.41 | 128.98 | 140.39 | NOTE | |
r-devel-linux-x86_64-debian-gcc | 1.0.7 | 6.62 | 86.45 | 93.07 | NOTE | |
r-devel-linux-x86_64-fedora-clang | 1.0.7 | 220.21 | NOTE | |||
r-devel-linux-x86_64-fedora-gcc | 1.0.7 | 200.33 | NOTE | |||
r-devel-windows-x86_64 | 1.0.7 | 13.00 | 129.00 | 142.00 | NOTE | |
r-patched-linux-x86_64 | 1.0.7 | 11.73 | 120.34 | 132.07 | NOTE | |
r-release-linux-x86_64 | 1.0.7 | 10.86 | 120.67 | 131.53 | NOTE | |
r-release-macos-arm64 | 1.0.7 | 45.00 | NOTE | |||
r-release-macos-x86_64 | 1.0.7 | 83.00 | NOTE | |||
r-release-windows-x86_64 | 1.0.7 | 12.00 | 132.00 | 144.00 | NOTE | |
r-oldrel-macos-arm64 | 1.0.7 | 44.00 | NOTE | |||
r-oldrel-macos-x86_64 | 1.0.7 | 66.00 | NOTE | |||
r-oldrel-windows-x86_64 | 1.0.7 | 17.00 | 167.00 | 184.00 | NOTE |
Version: 1.0.7
Check: Rd files
Result: NOTE
checkRd: (-1) fviz_nbclust.Rd:75: Lost braces; missing escapes or markup?
75 | (2001) proposed: "the smallest k such that gap(k) >= gap(k+1) - s_{k+1}".
| ^
checkRd: (-1) fviz_nbclust.Rd:77: Lost braces; missing escapes or markup?
77 | SE.factor*s_{k+1}" where SE.factor is a numeric value which can be 1
| ^
Flavors: r-devel-linux-x86_64-debian-clang, r-devel-linux-x86_64-debian-gcc, r-devel-linux-x86_64-fedora-clang, r-devel-linux-x86_64-fedora-gcc, r-devel-windows-x86_64, r-patched-linux-x86_64, r-release-linux-x86_64, r-release-macos-arm64, r-release-macos-x86_64, r-release-windows-x86_64, r-oldrel-macos-arm64, r-oldrel-macos-x86_64, r-oldrel-windows-x86_64