Last updated on 2025-11-28 07:48:45 CET.
| Flavor | Version | Tinstall | Tcheck | Ttotal | Status | Flags |
|---|---|---|---|---|---|---|
| r-devel-linux-x86_64-debian-clang | 0.1 | 1.85 | 30.33 | 32.18 | OK | |
| r-devel-linux-x86_64-debian-gcc | 0.1 | 1.50 | 23.99 | 25.49 | OK | |
| r-devel-linux-x86_64-fedora-clang | 0.1 | 49.57 | OK | |||
| r-devel-linux-x86_64-fedora-gcc | 0.1 | 67.12 | OK | |||
| r-devel-windows-x86_64 | 0.1 | 5.00 | 49.00 | 54.00 | OK | |
| r-patched-linux-x86_64 | 0.1 | 2.73 | 29.16 | 31.89 | OK | |
| r-release-linux-x86_64 | 0.1 | 1.71 | 28.56 | 30.27 | OK | |
| r-release-macos-arm64 | 0.1 | OK | ||||
| r-release-macos-x86_64 | 0.1 | 2.00 | 43.00 | 45.00 | OK | |
| r-release-windows-x86_64 | 0.1 | 3.00 | 47.00 | 50.00 | OK | |
| r-oldrel-macos-arm64 | 0.1 | NOTE | ||||
| r-oldrel-macos-x86_64 | 0.1 | 2.00 | 35.00 | 37.00 | NOTE | |
| r-oldrel-windows-x86_64 | 0.1 | 5.00 | 57.00 | 62.00 | NOTE |
Version: 0.1
Check: LazyData
Result: NOTE
'LazyData' is specified without a 'data' directory
Flavors: r-oldrel-macos-arm64, r-oldrel-macos-x86_64, r-oldrel-windows-x86_64