Last updated on 2025-07-22 08:48:31 CEST.
Flavor | Version | Tinstall | Tcheck | Ttotal | Status | Flags |
---|---|---|---|---|---|---|
r-devel-linux-x86_64-debian-clang | 0.3-4 | 31.88 | 305.93 | 337.81 | NOTE | |
r-devel-linux-x86_64-debian-gcc | 0.3-4 | 21.32 | 193.11 | 214.43 | NOTE | |
r-devel-linux-x86_64-fedora-clang | 0.3-4 | 532.67 | OK | |||
r-devel-linux-x86_64-fedora-gcc | 0.3-4 | 508.49 | OK | |||
r-devel-windows-x86_64 | 0.3-4 | 36.00 | 287.00 | 323.00 | NOTE | |
r-patched-linux-x86_64 | 0.3-4 | 33.48 | 289.30 | 322.78 | NOTE | |
r-release-linux-x86_64 | 0.3-4 | 29.77 | 288.97 | 318.74 | NOTE | |
r-release-macos-arm64 | 0.3-4 | 131.00 | OK | |||
r-release-macos-x86_64 | 0.3-4 | 263.00 | OK | |||
r-release-windows-x86_64 | 0.3-4 | 37.00 | 287.00 | 324.00 | NOTE | |
r-oldrel-macos-arm64 | 0.3-4 | 106.00 | OK | |||
r-oldrel-macos-x86_64 | 0.3-4 | 204.00 | OK | |||
r-oldrel-windows-x86_64 | 0.3-4 | 45.00 | 408.00 | 453.00 | OK |
Version: 0.3-4
Check: Rd cross-references
Result: NOTE
Found the following Rd file(s) with Rd \link{} targets missing package
anchors:
MantelCor.Rd: mantel
MantelModTest.Rd: mantel
Please provide package anchors for all Rd \link{} targets not in the
package itself and the base packages.
Flavors: r-devel-linux-x86_64-debian-clang, r-devel-linux-x86_64-debian-gcc, r-devel-windows-x86_64, r-patched-linux-x86_64, r-release-linux-x86_64, r-release-windows-x86_64