Last updated on 2025-09-30 20:50:37 CEST.
Flavor | Version | Tinstall | Tcheck | Ttotal | Status | Flags |
---|---|---|---|---|---|---|
r-devel-linux-x86_64-debian-clang | 1.0.1 | 137.91 | 58.40 | 196.31 | OK | |
r-devel-linux-x86_64-debian-gcc | 1.0.1 | 83.46 | 42.50 | 125.96 | OK | |
r-devel-linux-x86_64-fedora-clang | 1.0.1 | 411.24 | OK | |||
r-devel-linux-x86_64-fedora-gcc | 1.0.1 | 346.99 | OK | |||
r-devel-windows-x86_64 | 1.0.1 | 152.00 | 101.00 | 253.00 | OK | |
r-patched-linux-x86_64 | 1.0.1 | 138.13 | 55.22 | 193.35 | OK | |
r-release-linux-x86_64 | 1.0.1 | 137.34 | 54.54 | 191.88 | OK | |
r-release-macos-arm64 | 1.0.1 | 74.00 | OK | |||
r-release-macos-x86_64 | 1.0.1 | 113.00 | OK | |||
r-release-windows-x86_64 | 1.0.1 | 160.00 | 93.00 | 253.00 | OK | |
r-oldrel-macos-arm64 | 1.0.1 | 78.00 | NOTE | |||
r-oldrel-macos-x86_64 | 1.0.1 | 105.00 | NOTE | |||
r-oldrel-windows-x86_64 | 1.0.1 | 184.00 | 115.00 | 299.00 | OK |
Version: 1.0.1
Check: installed package size
Result: NOTE
installed size is 7.5Mb
sub-directories of 1Mb or more:
libs 6.6Mb
Flavors: r-oldrel-macos-arm64, r-oldrel-macos-x86_64