Last updated on 2025-10-20 20:49:26 CEST.
Flavor | Version | Tinstall | Tcheck | Ttotal | Status | Flags |
---|---|---|---|---|---|---|
r-devel-linux-x86_64-debian-clang | 1.0.4 | 7.34 | 101.70 | 109.04 | OK | |
r-devel-linux-x86_64-debian-gcc | 1.0.5 | 4.22 | 69.16 | 73.38 | NOTE | |
r-devel-linux-x86_64-fedora-clang | 1.0.5 | 174.65 | OK | |||
r-devel-linux-x86_64-fedora-gcc | 1.0.5 | 174.06 | OK | |||
r-devel-windows-x86_64 | 1.0.5 | 9.00 | 102.00 | 111.00 | OK | |
r-patched-linux-x86_64 | 1.0.4 | 6.89 | 94.27 | 101.16 | OK | |
r-release-linux-x86_64 | 1.0.5 | 7.27 | 93.95 | 101.22 | OK | |
r-release-macos-arm64 | 1.0.5 | 53.00 | OK | |||
r-release-macos-x86_64 | 1.0.5 | 130.00 | OK | |||
r-release-windows-x86_64 | 1.0.4 | 10.00 | 102.00 | 112.00 | OK | |
r-oldrel-macos-arm64 | 1.0.5 | 55.00 | OK | |||
r-oldrel-macos-x86_64 | 1.0.5 | 129.00 | OK | |||
r-oldrel-windows-x86_64 | 1.0.5 | 13.00 | 128.00 | 141.00 | OK |
Version: 1.0.5
Check: HTML version of manual
Result: NOTE
Found the following HTML validation problems:
df_to_char.html:46:1 (df_to_char.Rd:10): Warning: missing </ul> before </div>
plot.dot_plot.html:51:1 (plot.dot_plot.Rd:12): Warning: missing </ul> before </div>
print.dot_plot.html:51:1 (print.dot_plot.Rd:12): Warning: missing </ul> before </div>
print.safety_summary.html:51:1 (print.safety_summary.Rd:12): Warning: missing </ul> before </div>
Flavor: r-devel-linux-x86_64-debian-gcc