Last updated on 2025-10-21 19:51:22 CEST.
Flavor | Version | Tinstall | Tcheck | Ttotal | Status | Flags |
---|---|---|---|---|---|---|
r-devel-linux-x86_64-debian-clang | 2.2.2 | 8.84 | 58.41 | 67.25 | NOTE | |
r-devel-linux-x86_64-debian-gcc | 2.2.2 | 5.87 | 40.63 | 46.50 | NOTE | |
r-devel-linux-x86_64-fedora-clang | 2.2.2 | 25.00 | 82.34 | 107.34 | OK | |
r-devel-linux-x86_64-fedora-gcc | 2.2.2 | 19.00 | 75.37 | 94.37 | OK | |
r-devel-windows-x86_64 | 2.2.2 | 12.00 | 76.00 | 88.00 | OK | |
r-patched-linux-x86_64 | 2.2.2 | 8.74 | 56.15 | 64.89 | OK | |
r-release-linux-x86_64 | 2.2.2 | 8.26 | 55.25 | 63.51 | OK | |
r-release-macos-arm64 | 2.2.2 | 7.00 | 33.00 | 40.00 | OK | |
r-release-macos-x86_64 | 2.2.2 | 9.00 | 45.00 | 54.00 | OK | |
r-release-windows-x86_64 | 2.2.2 | 12.00 | 79.00 | 91.00 | OK | |
r-oldrel-macos-arm64 | 2.2.2 | 5.00 | 24.00 | 29.00 | OK | |
r-oldrel-macos-x86_64 | 2.2.2 | 11.00 | 61.00 | 72.00 | OK | |
r-oldrel-windows-x86_64 | 2.2.2 | 16.00 | 89.00 | 105.00 | OK |
Version: 2.2.2
Check: HTML version of manual
Result: NOTE
Found the following HTML validation problems:
bwd.nrd.html:70:1 (bwd.nrd.Rd:26): Warning: <h3> anchor "_sec_note" already defined
Flavors: r-devel-linux-x86_64-debian-clang, r-devel-linux-x86_64-debian-gcc