CRAN Package Check Results for Package esem

Last updated on 2025-07-22 08:48:31 CEST.

Flavor Version Tinstall Tcheck Ttotal Status Flags
r-devel-linux-x86_64-debian-clang 2.0.0 4.55 42.07 46.62 NOTE
r-devel-linux-x86_64-debian-gcc 2.0.0 2.58 32.80 35.38 NOTE
r-devel-linux-x86_64-fedora-clang 2.0.0 76.06 NOTE
r-devel-linux-x86_64-fedora-gcc 2.0.0 85.99 NOTE
r-devel-windows-x86_64 2.0.0 6.00 63.00 69.00 NOTE
r-patched-linux-x86_64 2.0.0 3.97 39.64 43.61 NOTE
r-release-linux-x86_64 2.0.0 4.44 39.93 44.37 NOTE
r-release-macos-arm64 2.0.0 40.00 NOTE
r-release-macos-x86_64 2.0.0 59.00 NOTE
r-release-windows-x86_64 2.0.0 5.00 68.00 73.00 NOTE
r-oldrel-macos-arm64 2.0.0 33.00 OK
r-oldrel-macos-x86_64 2.0.0 46.00 OK
r-oldrel-windows-x86_64 2.0.0 8.00 75.00 83.00 OK

Check Details

Version: 2.0.0
Check: DESCRIPTION meta-information
Result: NOTE Missing dependency on R >= 4.1.0 because package code uses the pipe |> or function shorthand \(...) syntax added in R 4.1.0. File(s) using such syntax: ‘esem_cfa_syntax.R’ Flavors: r-devel-linux-x86_64-debian-clang, r-devel-linux-x86_64-debian-gcc, r-devel-linux-x86_64-fedora-clang, r-devel-linux-x86_64-fedora-gcc, r-devel-windows-x86_64, r-patched-linux-x86_64, r-release-linux-x86_64, r-release-macos-arm64, r-release-macos-x86_64, r-release-windows-x86_64