Last updated on 2025-07-22 08:48:30 CEST.
Flavor | Version | Tinstall | Tcheck | Ttotal | Status | Flags |
---|---|---|---|---|---|---|
r-devel-linux-x86_64-debian-clang | 2.11.5 | 28.84 | 150.10 | 178.94 | OK | |
r-devel-linux-x86_64-debian-gcc | 2.11.5 | 19.06 | 106.94 | 126.00 | OK | |
r-devel-linux-x86_64-fedora-clang | 2.11.5 | 274.57 | OK | |||
r-devel-linux-x86_64-fedora-gcc | 2.11.5 | 282.95 | OK | |||
r-devel-windows-x86_64 | 2.11.5 | 41.00 | 185.00 | 226.00 | OK | |
r-patched-linux-x86_64 | 2.11.5 | 28.03 | 142.01 | 170.04 | OK | |
r-release-linux-x86_64 | 2.11.5 | 25.81 | 143.86 | 169.67 | OK | |
r-release-macos-arm64 | 2.11.5 | 90.00 | OK | |||
r-release-macos-x86_64 | 2.11.5 | 166.00 | OK | |||
r-release-windows-x86_64 | 2.11.5 | 40.00 | 0.00 | 40.00 | FAIL | |
r-oldrel-macos-arm64 | 2.11.5 | 94.00 | OK | |||
r-oldrel-macos-x86_64 | 2.11.5 | 188.00 | OK | |||
r-oldrel-windows-x86_64 | 2.11.5 | 51.00 | 225.00 | 276.00 | OK |
Version: 2.11.5
Check: re-building of vignette outputs
Result: FAIL
Check process probably crashed or hung up for 20 minutes ... killed
Most likely this happened in the example checks (?),
if not, ignore the following last lines of example output:
log(scale):1 1.324 3.758 0.312 0.000
log(shape):1 1.040 2.829 0.496 0.036
log(scale):2 1.038 2.823 0.190 0.000
log(shape):2 1.359 3.893 0.570 0.017
Events
Total time at risk 16
Max. log. likelihood -7.5616
LR test statistic 0.99
Degrees of freedom 1
Overall p-value 0.318548
>
>
>
>
> ### * <FOOTER>
> ###
> cleanEx()
> options(digits = 7L)
> base::cat("Time elapsed: ", proc.time() - base::get("ptime", pos = 'CheckExEnv'),"\n")
Time elapsed: 16.69 1.22 17.92 NA NA
> grDevices::dev.off()
null device
1
> ###
> ### Local variables: ***
> ### mode: outline-minor ***
> ### outline-regexp: "\\(> \\)?### [*]+" ***
> ### End: ***
> quit('no')
======== End of example output (where/before crash/hang up occured ?) ========
Flavor: r-release-windows-x86_64