Last updated on 2025-10-08 20:49:22 CEST.
Flavor | Version | Tinstall | Tcheck | Ttotal | Status | Flags |
---|---|---|---|---|---|---|
r-devel-linux-x86_64-debian-clang | 2.0.1 | 17.82 | 284.01 | 301.83 | OK | |
r-devel-linux-x86_64-debian-gcc | 2.0.1 | 14.45 | 192.57 | 207.02 | OK | |
r-devel-linux-x86_64-fedora-clang | 2.0.1 | 464.48 | OK | |||
r-devel-linux-x86_64-fedora-gcc | 2.0.2 | 488.93 | OK | |||
r-devel-windows-x86_64 | 2.0.1 | 23.00 | 250.00 | 273.00 | OK | |
r-patched-linux-x86_64 | 2.0.1 | 19.25 | 267.15 | 286.40 | OK | |
r-release-linux-x86_64 | 2.0.1 | 17.90 | 268.98 | 286.88 | OK | |
r-release-macos-arm64 | 113.00 | FAIL | ||||
r-release-macos-x86_64 | 2.0.2 | 296.00 | OK | |||
r-release-windows-x86_64 | 2.0.1 | 21.00 | 281.00 | 302.00 | OK | |
r-oldrel-macos-arm64 | 2.0.2 | 149.00 | OK | |||
r-oldrel-macos-x86_64 | 2.0.2 | 276.00 | OK | |||
r-oldrel-windows-x86_64 | 2.0.1 | 30.00 | 368.00 | 398.00 | OK |
Version: 2.0.2
Check: re-building of vignette outputs
Result: FAIL
Flavor: r-release-macos-arm64