Last updated on 2025-07-21 20:50:00 CEST.
Flavor | Version | Tinstall | Tcheck | Ttotal | Status | Flags |
---|---|---|---|---|---|---|
r-devel-linux-x86_64-debian-clang | 1.1.0 | 8.12 | 64.92 | 73.04 | NOTE | |
r-devel-linux-x86_64-debian-gcc | 1.1.0 | 4.37 | 45.08 | 49.45 | NOTE | |
r-devel-linux-x86_64-fedora-clang | 1.1.0 | 111.32 | OK | |||
r-devel-linux-x86_64-fedora-gcc | 1.1.0 | 117.73 | OK | |||
r-devel-windows-x86_64 | 1.1.0 | 8.00 | 74.00 | 82.00 | NOTE | |
r-patched-linux-x86_64 | 1.1.0 | 7.51 | 58.85 | 66.36 | NOTE | |
r-release-linux-x86_64 | 1.1.0 | 7.06 | 58.06 | 65.12 | NOTE | |
r-release-macos-arm64 | 1.1.0 | 38.00 | OK | |||
r-release-macos-x86_64 | 1.1.0 | 74.00 | OK | |||
r-release-windows-x86_64 | 1.1.0 | 9.00 | 80.00 | 89.00 | NOTE | |
r-oldrel-macos-arm64 | 1.1.0 | 38.00 | OK | |||
r-oldrel-macos-x86_64 | 1.1.0 | 54.00 | OK | |||
r-oldrel-windows-x86_64 | 1.1.0 | 12.00 | 91.00 | 103.00 | OK |
Version: 1.1.0
Check: Rd cross-references
Result: NOTE
Found the following Rd file(s) with Rd \link{} targets missing package
anchors:
cfaHB.Rd: lavaan, cfa, model.syntax
cfaOne.Rd: lavaan, cfa, model.syntax
equivTest.Rd: lavaan
exactFit.Rd: lavaan, cfa, model.syntax
Please provide package anchors for all Rd \link{} targets not in the
package itself and the base packages.
Flavors: r-devel-linux-x86_64-debian-clang, r-devel-linux-x86_64-debian-gcc, r-devel-windows-x86_64, r-patched-linux-x86_64, r-release-linux-x86_64, r-release-windows-x86_64