CRAN Package Check Results for Package drumr

Last updated on 2025-10-07 08:50:18 CEST.

Flavor Version Tinstall Tcheck Ttotal Status Flags
r-devel-linux-x86_64-debian-clang 0.1.0 2.46 24.96 27.42 OK
r-devel-linux-x86_64-debian-gcc 0.1.0 1.93 20.37 22.30 OK
r-devel-linux-x86_64-fedora-clang 0.1.0 41.28 OK
r-devel-linux-x86_64-fedora-gcc 0.1.0 41.56 OK
r-devel-windows-x86_64 0.1.0 6.00 44.00 50.00 OK
r-patched-linux-x86_64 0.1.0 2.72 24.06 26.78 OK
r-release-linux-x86_64 0.1.0 2.06 24.04 26.10 OK
r-release-macos-arm64 0.1.0 21.00 OK
r-release-macos-x86_64 0.1.0 31.00 OK
r-release-windows-x86_64 0.1.0 6.00 45.00 51.00 OK
r-oldrel-macos-arm64 0.1.0 19.00 NOTE
r-oldrel-macos-x86_64 0.1.0 26.00 NOTE
r-oldrel-windows-x86_64 0.1.0 6.00 50.00 56.00 NOTE

Check Details

Version: 0.1.0
Check: LazyData
Result: NOTE 'LazyData' is specified without a 'data' directory Flavors: r-oldrel-macos-arm64, r-oldrel-macos-x86_64, r-oldrel-windows-x86_64