Last updated on 2025-11-28 07:48:43 CET.
| Flavor | Version | Tinstall | Tcheck | Ttotal | Status | Flags |
|---|---|---|---|---|---|---|
| r-devel-linux-x86_64-debian-clang | 0.2.0 | 57.12 | 47.42 | 104.54 | NOTE | |
| r-devel-linux-x86_64-debian-gcc | 0.2.0 | 40.05 | 34.37 | 74.42 | NOTE | |
| r-devel-linux-x86_64-fedora-clang | 0.2.2 | 56.00 | 152.40 | 208.40 | OK | |
| r-devel-linux-x86_64-fedora-gcc | 0.2.2 | 19.00 | 93.27 | 112.27 | OK | |
| r-devel-windows-x86_64 | 0.2.0 | 78.00 | 81.00 | 159.00 | NOTE | |
| r-patched-linux-x86_64 | 0.2.0 | 58.17 | 43.78 | 101.95 | NOTE | |
| r-release-linux-x86_64 | 0.2.0 | 57.84 | 43.05 | 100.89 | NOTE | |
| r-release-macos-arm64 | 0.2.0 | NOTE | ||||
| r-release-macos-x86_64 | 0.2.2 | 79.00 | 119.00 | 198.00 | OK | |
| r-release-windows-x86_64 | 0.2.0 | 64.00 | 100.00 | 164.00 | NOTE | |
| r-oldrel-macos-arm64 | 0.2.0 | NOTE | ||||
| r-oldrel-macos-x86_64 | 0.2.2 | 74.00 | 130.00 | 204.00 | NOTE | |
| r-oldrel-windows-x86_64 | 0.2.2 | 71.00 | 97.00 | 168.00 | NOTE |
Version: 0.2.0
Check: CRAN incoming feasibility
Result: NOTE
Maintainer: ‘Jan Wijffels <jwijffels@bnosac.be>’
The Description field contains
available at <arXiv:1405.4053>. The package also provides an
Topics' by D. Angelov available at <arXiv:2008.09470>.
Please refer to arXiv e-prints via their arXiv DOI <doi:10.48550/arXiv.YYMM.NNNNN>.
Flavors: r-devel-linux-x86_64-debian-clang, r-devel-linux-x86_64-debian-gcc
Version: 0.2.0
Check: C++ specification
Result: NOTE
Specified C++11: please drop specification unless essential
Flavors: r-devel-linux-x86_64-debian-clang, r-devel-windows-x86_64, r-patched-linux-x86_64, r-release-linux-x86_64, r-release-macos-arm64, r-release-windows-x86_64, r-oldrel-macos-arm64
Version: 0.2.0
Check: C++ specification
Result: NOTE
Specified C++11: support will be removed soon
Flavor: r-devel-linux-x86_64-debian-gcc
Version: 0.2.0
Check: installed package size
Result: NOTE
installed size is 7.2Mb
sub-directories of 1Mb or more:
data 4.8Mb
libs 2.3Mb
Flavor: r-oldrel-macos-arm64
Version: 0.2.2
Check: installed package size
Result: NOTE
installed size is 8.3Mb
sub-directories of 1Mb or more:
data 5.8Mb
libs 2.4Mb
Flavors: r-oldrel-macos-x86_64, r-oldrel-windows-x86_64