Last updated on 2025-09-30 20:50:36 CEST.
Flavor | Version | Tinstall | Tcheck | Ttotal | Status | Flags |
---|---|---|---|---|---|---|
r-devel-linux-x86_64-debian-clang | 0.10-1 | 51.44 | 108.24 | 159.68 | OK | |
r-devel-linux-x86_64-debian-gcc | 0.10-1 | 39.66 | 69.65 | 109.31 | OK | |
r-devel-linux-x86_64-fedora-clang | 0.10-1 | 292.20 | OK | |||
r-devel-linux-x86_64-fedora-gcc | 0.10-1 | 250.90 | OK | |||
r-devel-windows-x86_64 | 0.10-1 | 77.00 | 141.00 | 218.00 | OK | |
r-patched-linux-x86_64 | 0.10-1 | 52.36 | 100.87 | 153.23 | OK | |
r-release-linux-x86_64 | 0.10-1 | 55.74 | 101.61 | 157.35 | OK | |
r-release-macos-arm64 | 0.10-1 | 64.00 | OK | |||
r-release-macos-x86_64 | 0.10-1 | 121.00 | OK | |||
r-release-windows-x86_64 | 0.10-1 | 75.00 | 140.00 | 215.00 | OK | |
r-oldrel-macos-arm64 | 0.10-1 | 72.00 | NOTE | |||
r-oldrel-macos-x86_64 | 0.10-1 | 154.00 | NOTE | |||
r-oldrel-windows-x86_64 | 0.10-1 | 90.00 | 201.00 | 291.00 | OK |
Version: 0.10-1
Check: installed package size
Result: NOTE
installed size is 8.1Mb
sub-directories of 1Mb or more:
libs 6.9Mb
Flavors: r-oldrel-macos-arm64, r-oldrel-macos-x86_64