Last updated on 2025-10-30 18:49:50 CET.
| Flavor | Version | Tinstall | Tcheck | Ttotal | Status | Flags | 
|---|---|---|---|---|---|---|
| r-devel-linux-x86_64-debian-clang | 1.0.0 | 1.63 | 19.62 | 21.25 | NOTE | |
| r-devel-linux-x86_64-debian-gcc | 1.0.0 | 1.33 | 16.61 | 17.94 | NOTE | |
| r-devel-linux-x86_64-fedora-clang | 1.0.0 | 30.75 | OK | |||
| r-devel-linux-x86_64-fedora-gcc | 1.0.0 | 29.41 | OK | |||
| r-devel-windows-x86_64 | 1.0.0 | 2.00 | 37.00 | 39.00 | OK | |
| r-patched-linux-x86_64 | 1.0.0 | 1.63 | 18.20 | 19.83 | OK | |
| r-release-linux-x86_64 | 1.0.0 | 1.54 | 18.35 | 19.89 | OK | |
| r-release-macos-arm64 | 1.0.0 | 1.00 | 14.00 | 15.00 | OK | |
| r-release-macos-x86_64 | 1.0.0 | 1.00 | 23.00 | 24.00 | OK | |
| r-release-windows-x86_64 | 1.0.0 | 3.00 | 41.00 | 44.00 | OK | |
| r-oldrel-macos-arm64 | 1.0.0 | 1.00 | 13.00 | 14.00 | NOTE | |
| r-oldrel-macos-x86_64 | 1.0.0 | 1.00 | 20.00 | 21.00 | NOTE | |
| r-oldrel-windows-x86_64 | 1.0.0 | 4.00 | 43.00 | 47.00 | NOTE | 
Version: 1.0.0
Check: CRAN incoming feasibility
Result: NOTE
  Maintainer: ‘Nick Golding <nick.golding.research@gmail.com>’
  
  No Authors@R field in DESCRIPTION.
  Please add one, modifying
    Authors@R: person(given = "Nick",
                      family = "Golding",
                      role = c("aut", "cre"),
                      email = "nick.golding.research@gmail.com")
  as necessary.
Flavors: r-devel-linux-x86_64-debian-clang, r-devel-linux-x86_64-debian-gcc
Version: 1.0.0
Check: LazyData
Result: NOTE
    'LazyData' is specified without a 'data' directory
Flavors: r-oldrel-macos-arm64, r-oldrel-macos-x86_64, r-oldrel-windows-x86_64